Last updated on 2025-05-03 03:51:56 CEST.
Flavor | Version | Tinstall | Tcheck | Ttotal | Status | Flags |
---|---|---|---|---|---|---|
r-devel-linux-x86_64-debian-clang | 0.6.2 | 33.89 | 309.79 | 343.68 | OK | |
r-devel-linux-x86_64-debian-gcc | 0.6.2 | 21.71 | 203.43 | 225.14 | OK | |
r-devel-linux-x86_64-fedora-clang | 0.6.2 | 554.48 | OK | |||
r-devel-linux-x86_64-fedora-gcc | 0.6.2 | 521.27 | OK | |||
r-devel-windows-x86_64 | 0.6.2 | 31.00 | 254.00 | 285.00 | OK | |
r-patched-linux-x86_64 | 0.6.2 | 31.25 | 296.78 | 328.03 | OK | |
r-release-linux-x86_64 | OK | |||||
r-release-macos-arm64 | 0.6.2 | 128.00 | OK | |||
r-release-macos-x86_64 | 0.6.2 | 291.00 | OK | |||
r-release-windows-x86_64 | 0.6.2 | 31.00 | 246.00 | 277.00 | WARN | |
r-oldrel-macos-arm64 | 0.6.2 | 120.00 | OK | |||
r-oldrel-macos-x86_64 | 0.6.2 | 238.00 | OK | |||
r-oldrel-windows-x86_64 | 0.6.2 | 39.00 | 349.00 | 388.00 | OK |
Version: 0.6.2
Check: whether the package can be loaded with stated dependencies
Result: WARN
It looks like this package (or one of its dependent packages) has an
unstated dependence on a standard package. All dependencies must be
declared in DESCRIPTION.
See section 'The DESCRIPTION file' in the 'Writing R Extensions'
manual.
Flavor: r-release-windows-x86_64