Last updated on 2025-10-05 03:49:41 CEST.
Flavor | Version | Tinstall | Tcheck | Ttotal | Status | Flags |
---|---|---|---|---|---|---|
r-devel-linux-x86_64-debian-clang | 0.1.0 | 12.35 | 102.57 | 114.92 | NOTE | |
r-devel-linux-x86_64-debian-gcc | 0.1.0 | 9.17 | 70.40 | 79.57 | NOTE | |
r-devel-linux-x86_64-fedora-clang | 0.1.0 | 176.72 | OK | |||
r-devel-linux-x86_64-fedora-gcc | 0.1.0 | 163.52 | OK | |||
r-devel-windows-x86_64 | 0.1.0 | 13.00 | 100.00 | 113.00 | OK | |
r-patched-linux-x86_64 | 0.1.0 | 12.50 | 94.33 | 106.83 | OK | |
r-release-linux-x86_64 | 0.1.0 | 10.62 | 94.31 | 104.93 | OK | |
r-release-macos-arm64 | 0.1.0 | 43.00 | OK | |||
r-release-macos-x86_64 | 0.1.0 | 148.00 | OK | |||
r-release-windows-x86_64 | 0.1.0 | 14.00 | 102.00 | 116.00 | OK | |
r-oldrel-macos-arm64 | 0.1.0 | 44.00 | OK | |||
r-oldrel-macos-x86_64 | 0.1.0 | 74.00 | OK | |||
r-oldrel-windows-x86_64 | 0.1.0 | 19.00 | 125.00 | 144.00 | OK |
Version: 0.1.0
Check: CRAN incoming feasibility
Result: NOTE
Maintainer: ‘Vanesa Jorda <jordav@unican.es>’
Found the following (possibly) invalid file URIs:
URI: www.educationdata.unican.es
From: man/ineq_female15a.Rd
URI: www.educationdata.unican.es
From: man/ineq_female25a.Rd
URI: www.educationdata.unican.es
From: man/ineq_male15a.Rd
URI: www.educationdata.unican.es
From: man/ineq_male25a.Rd
URI: www.educationdata.unican.es
From: man/ineq_total15a.Rd
URI: www.educationdata.unican.es
From: man/ineq_total25a.Rd
Flavors: r-devel-linux-x86_64-debian-clang, r-devel-linux-x86_64-debian-gcc