CRAN Package Check Results for Package eChem

Last updated on 2025-05-02 03:51:07 CEST.

Flavor Version Tinstall Tcheck Ttotal Status Flags
r-devel-linux-x86_64-debian-clang 1.0.0 3.62 73.85 77.47 NOTE
r-devel-linux-x86_64-debian-gcc 1.0.0 3.15 53.07 56.22 NOTE
r-devel-linux-x86_64-fedora-clang 1.0.0 120.92 OK
r-devel-linux-x86_64-fedora-gcc 1.0.0 129.88 OK
r-devel-windows-x86_64 1.0.0 5.00 138.00 143.00 OK
r-patched-linux-x86_64 1.0.0 3.95 68.35 72.30 OK
r-release-linux-x86_64 OK
r-release-macos-arm64 1.0.0 70.00 OK
r-release-macos-x86_64 1.0.0 137.00 OK
r-release-windows-x86_64 1.0.0 6.00 151.00 157.00 OK
r-oldrel-macos-arm64 1.0.0 51.00 NOTE
r-oldrel-macos-x86_64 1.0.0 74.00 NOTE
r-oldrel-windows-x86_64 1.0.0 7.00 138.00 145.00 NOTE

Check Details

Version: 1.0.0
Check: CRAN incoming feasibility
Result: NOTE Maintainer: ‘David Harvey <harvey@depauw.edu>’ No Authors@R field in DESCRIPTION. Please add one, modifying Authors@R: person(given = "David", family = "Harvey", role = c("aut", "cre"), email = "harvey@depauw.edu") as necessary. Flavors: r-devel-linux-x86_64-debian-clang, r-devel-linux-x86_64-debian-gcc

Version: 1.0.0
Check: LazyData
Result: NOTE 'LazyData' is specified without a 'data' directory Flavors: r-oldrel-macos-arm64, r-oldrel-macos-x86_64, r-oldrel-windows-x86_64