Last updated on 2025-11-15 03:50:08 CET.
| Flavor | Version | Tinstall | Tcheck | Ttotal | Status | Flags |
|---|---|---|---|---|---|---|
| r-devel-linux-x86_64-debian-clang | 1.0.0 | 3.46 | 81.18 | 84.64 | NOTE | |
| r-devel-linux-x86_64-debian-gcc | 1.0.0 | 2.05 | 60.13 | 62.18 | NOTE | |
| r-devel-linux-x86_64-fedora-clang | 1.0.0 | 123.16 | OK | |||
| r-devel-linux-x86_64-fedora-gcc | 1.0.0 | 131.09 | OK | |||
| r-devel-windows-x86_64 | 1.0.0 | 8.00 | 139.00 | 147.00 | OK | |
| r-patched-linux-x86_64 | 1.0.0 | 5.22 | 75.93 | 81.15 | OK | |
| r-release-linux-x86_64 | 1.0.0 | 3.40 | 75.70 | 79.10 | OK | |
| r-release-macos-arm64 | 1.0.0 | 2.00 | 68.00 | 70.00 | OK | |
| r-release-macos-x86_64 | 1.0.0 | 7.00 | 130.00 | 137.00 | OK | |
| r-release-windows-x86_64 | 1.0.0 | 5.00 | 135.00 | 140.00 | OK | |
| r-oldrel-macos-arm64 | 1.0.0 | 2.00 | 49.00 | 51.00 | NOTE | |
| r-oldrel-macos-x86_64 | 1.0.0 | 3.00 | 71.00 | 74.00 | NOTE | |
| r-oldrel-windows-x86_64 | 1.0.0 | 7.00 | 139.00 | 146.00 | NOTE |
Version: 1.0.0
Check: CRAN incoming feasibility
Result: NOTE
Maintainer: ‘David Harvey <harvey@depauw.edu>’
No Authors@R field in DESCRIPTION.
Please add one, modifying
Authors@R: person(given = "David",
family = "Harvey",
role = c("aut", "cre"),
email = "harvey@depauw.edu")
as necessary.
Flavors: r-devel-linux-x86_64-debian-clang, r-devel-linux-x86_64-debian-gcc
Version: 1.0.0
Check: LazyData
Result: NOTE
'LazyData' is specified without a 'data' directory
Flavors: r-oldrel-macos-arm64, r-oldrel-macos-x86_64, r-oldrel-windows-x86_64