Last updated on 2025-05-02 03:51:07 CEST.
Flavor | Version | Tinstall | Tcheck | Ttotal | Status | Flags |
---|---|---|---|---|---|---|
r-devel-linux-x86_64-debian-clang | 0.1.0 | 11.02 | 106.18 | 117.20 | NOTE | |
r-devel-linux-x86_64-debian-gcc | 0.1.0 | 8.29 | 75.07 | 83.36 | NOTE | |
r-devel-linux-x86_64-fedora-clang | 0.1.0 | 174.75 | NOTE | |||
r-devel-linux-x86_64-fedora-gcc | 0.1.0 | 163.04 | NOTE | |||
r-devel-windows-x86_64 | 0.1.0 | 14.00 | 104.00 | 118.00 | NOTE | |
r-patched-linux-x86_64 | 0.1.0 | 11.83 | 100.79 | 112.62 | NOTE | |
r-release-linux-x86_64 | NOTE | |||||
r-release-macos-arm64 | 0.1.0 | 48.00 | NOTE | |||
r-release-macos-x86_64 | 0.1.0 | 91.00 | NOTE | |||
r-release-windows-x86_64 | 0.1.0 | 13.00 | 111.00 | 124.00 | NOTE | |
r-oldrel-macos-arm64 | 0.1.0 | 49.00 | NOTE | |||
r-oldrel-macos-x86_64 | 0.1.0 | 73.00 | NOTE | |||
r-oldrel-windows-x86_64 | 0.1.0 | 19.00 | 131.00 | 150.00 | NOTE |
Version: 0.1.0
Check: package subdirectories
Result: NOTE
Problems with news in ‘NEWS.md’:
No news entries found.
Flavors: r-devel-linux-x86_64-debian-clang, r-devel-linux-x86_64-debian-gcc, r-devel-linux-x86_64-fedora-clang, r-devel-linux-x86_64-fedora-gcc, r-devel-windows-x86_64, r-patched-linux-x86_64, r-release-linux-x86_64, r-release-macos-arm64, r-release-macos-x86_64, r-release-windows-x86_64, r-oldrel-macos-arm64, r-oldrel-macos-x86_64, r-oldrel-windows-x86_64
Version: 0.1.0
Check: examples
Result: NOTE
Examples with CPU (user + system) or elapsed time > 5s
user system elapsed
offlinem 4.426 0.053 5.64
Flavor: r-devel-linux-x86_64-debian-clang
Version: 0.1.0
Check: LazyData
Result: NOTE
'LazyData' is specified without a 'data' directory
Flavors: r-oldrel-macos-arm64, r-oldrel-macos-x86_64, r-oldrel-windows-x86_64