Last updated on 2025-05-02 03:51:07 CEST.
Flavor | Version | Tinstall | Tcheck | Ttotal | Status | Flags |
---|---|---|---|---|---|---|
r-devel-linux-x86_64-debian-clang | 1.0.7 | 5.45 | 178.74 | 184.19 | NOTE | |
r-devel-linux-x86_64-debian-gcc | 1.0.7 | 4.26 | 111.34 | 115.60 | OK | |
r-devel-linux-x86_64-fedora-clang | 1.0.7 | 290.98 | OK | |||
r-devel-linux-x86_64-fedora-gcc | 1.0.7 | 299.95 | OK | |||
r-devel-windows-x86_64 | 1.0.7 | 10.00 | 182.00 | 192.00 | OK | |
r-patched-linux-x86_64 | 1.0.7 | 6.77 | 166.07 | 172.84 | OK | |
r-release-linux-x86_64 | OK | |||||
r-release-macos-arm64 | 1.0.7 | 81.00 | OK | |||
r-release-macos-x86_64 | 1.0.7 | 129.00 | OK | |||
r-release-windows-x86_64 | 1.0.7 | 9.00 | 189.00 | 198.00 | OK | |
r-oldrel-macos-arm64 | 1.0.7 | 74.00 | OK | |||
r-oldrel-macos-x86_64 | 1.0.7 | 105.00 | OK | |||
r-oldrel-windows-x86_64 | 1.0.7 | 11.00 | 229.00 | 240.00 | OK |
Version: 1.0.7
Check: examples
Result: NOTE
Examples with CPU (user + system) or elapsed time > 5s
user system elapsed
linComb 5.953 0.193 9.020
nonlinComb 5.132 0.076 7.574
plotComb 5.095 0.076 7.554
mlComb 3.633 0.358 5.566
Flavor: r-devel-linux-x86_64-debian-clang