CRAN Package Check Results for Package dstat2x2xk

Last updated on 2025-11-23 03:48:41 CET.

Flavor Version Tinstall Tcheck Ttotal Status Flags
r-devel-linux-x86_64-debian-clang 0.2.0 1.58 20.72 22.30 NOTE
r-devel-linux-x86_64-debian-gcc 0.2.0 1.19 16.78 17.97 NOTE
r-devel-linux-x86_64-fedora-clang 0.2.0 33.02 OK
r-devel-linux-x86_64-fedora-gcc 0.2.0 31.31 OK
r-devel-windows-x86_64 0.2.0 4.00 43.00 47.00 OK
r-patched-linux-x86_64 0.2.0 1.63 19.56 21.19 OK
r-release-linux-x86_64 0.2.0 1.54 19.53 21.07 OK
r-release-macos-arm64 0.2.0 OK
r-release-macos-x86_64 0.2.0 2.00 21.00 23.00 OK
r-release-windows-x86_64 0.2.0 4.00 43.00 47.00 OK
r-oldrel-macos-arm64 0.2.0 OK
r-oldrel-macos-x86_64 0.2.0 1.00 27.00 28.00 OK
r-oldrel-windows-x86_64 0.2.0 2.00 45.00 47.00 OK

Check Details

Version: 0.2.0
Check: CRAN incoming feasibility
Result: NOTE Maintainer: ‘Paul R. Rosenbaum <rosenbaum@wharton.upenn.edu>’ No Authors@R field in DESCRIPTION. Please add one, modifying Authors@R: person(given = c("Paul", "R."), family = "Rosenbaum", role = c("aut", "cre"), email = "rosenbaum@wharton.upenn.edu") as necessary. Flavors: r-devel-linux-x86_64-debian-clang, r-devel-linux-x86_64-debian-gcc