Last updated on 2025-11-15 03:50:08 CET.
| Flavor | Version | Tinstall | Tcheck | Ttotal | Status | Flags |
|---|---|---|---|---|---|---|
| r-devel-linux-x86_64-debian-clang | 1.7.0 | 221.71 | 301.20 | 522.91 | OK | |
| r-devel-linux-x86_64-debian-gcc | 1.7.0 | 180.43 | 221.81 | 402.24 | OK | |
| r-devel-linux-x86_64-fedora-clang | 1.7.0 | 1020.00 | -156.91 | 863.09 | OK | |
| r-devel-linux-x86_64-fedora-gcc | 1.7.0 | 2100.00 | -1106.64 | 993.36 | OK | |
| r-devel-windows-x86_64 | 1.7.0 | 192.00 | 325.00 | 517.00 | OK | |
| r-patched-linux-x86_64 | 1.7.0 | 217.99 | 293.03 | 511.02 | OK | |
| r-release-linux-x86_64 | 1.7.0 | 216.56 | 295.87 | 512.43 | OK | |
| r-release-macos-arm64 | 1.7.0 | 82.00 | 144.00 | 226.00 | OK | |
| r-release-macos-x86_64 | 1.7.0 | 197.00 | 172.00 | 369.00 | OK | |
| r-release-windows-x86_64 | 1.7.0 | 186.00 | 325.00 | 511.00 | OK | |
| r-oldrel-macos-arm64 | 1.7.0 | 78.00 | 130.00 | 208.00 | NOTE | |
| r-oldrel-macos-x86_64 | 1.7.0 | 189.00 | 213.00 | 402.00 | NOTE | |
| r-oldrel-windows-x86_64 | 1.7.0 | 251.00 | 413.00 | 664.00 | NOTE |
Version: 1.7.0
Check: installed package size
Result: NOTE
installed size is 86.0Mb
sub-directories of 1Mb or more:
help 1.3Mb
libs 83.9Mb
Flavors: r-oldrel-macos-arm64, r-oldrel-macos-x86_64, r-oldrel-windows-x86_64