Last updated on 2025-05-01 03:49:48 CEST.
Flavor | Version | Tinstall | Tcheck | Ttotal | Status | Flags |
---|---|---|---|---|---|---|
r-devel-linux-x86_64-debian-clang | 0.0.2 | 4.14 | 96.88 | 101.02 | NOTE | |
r-devel-linux-x86_64-debian-gcc | 0.0.2 | 2.81 | 64.81 | 67.62 | OK | |
r-devel-linux-x86_64-fedora-clang | 0.0.2 | 156.01 | OK | |||
r-devel-linux-x86_64-fedora-gcc | 0.0.2 | 166.26 | OK | |||
r-devel-windows-x86_64 | 0.0.2 | 6.00 | 113.00 | 119.00 | OK | |
r-patched-linux-x86_64 | 0.0.2 | 4.77 | 92.04 | 96.81 | OK | |
r-release-linux-x86_64 | 0.0.2 | 4.71 | 91.97 | 96.68 | OK | |
r-release-macos-arm64 | 0.0.2 | 50.00 | OK | |||
r-release-macos-x86_64 | 0.0.2 | 112.00 | OK | |||
r-release-windows-x86_64 | 0.0.2 | 5.00 | 118.00 | 123.00 | OK | |
r-oldrel-macos-arm64 | 0.0.2 | 49.00 | OK | |||
r-oldrel-macos-x86_64 | 0.0.2 | 86.00 | OK | |||
r-oldrel-windows-x86_64 | 0.0.2 | 8.00 | 140.00 | 148.00 | OK |
Version: 0.0.2
Check: examples
Result: NOTE
Examples with CPU (user + system) or elapsed time > 5s
user system elapsed
dots 8.635 0.163 11.241
Flavor: r-devel-linux-x86_64-debian-clang
Version: 0.0.2
Check: examples
Result: NA
user system elapsed
dots 4.92 0.195 6.059
OK
Flavor: r-devel-linux-x86_64-debian-gcc