Last updated on 2025-11-04 03:50:48 CET.
| Flavor | Version | Tinstall | Tcheck | Ttotal | Status | Flags | 
|---|---|---|---|---|---|---|
| r-devel-linux-x86_64-debian-clang | 0.4.3 | 123.23 | 240.20 | 363.43 | OK | |
| r-devel-linux-x86_64-debian-gcc | 0.4.3 | 92.99 | 166.88 | 259.87 | OK | |
| r-devel-linux-x86_64-fedora-clang | 0.4.3 | 124.00 | 470.91 | 594.91 | OK | |
| r-devel-linux-x86_64-fedora-gcc | 0.4.3 | 176.00 | 458.92 | 634.92 | OK | |
| r-devel-windows-x86_64 | 0.4.3 | 171.00 | 229.00 | 400.00 | OK | |
| r-patched-linux-x86_64 | 0.4.3 | 136.93 | 230.09 | 367.02 | OK | |
| r-release-linux-x86_64 | 0.4.3 | 136.69 | 224.60 | 361.29 | OK | |
| r-release-macos-arm64 | 0.4.3 | 49.00 | 111.00 | 160.00 | OK | |
| r-release-macos-x86_64 | 0.4.3 | 49.00 | 212.00 | 261.00 | OK | |
| r-release-windows-x86_64 | 0.4.3 | 165.00 | 226.00 | 391.00 | OK | |
| r-oldrel-macos-arm64 | 0.4.3 | 47.00 | 109.00 | 156.00 | NOTE | |
| r-oldrel-macos-x86_64 | 0.4.3 | 12.00 | ERROR | |||
| r-oldrel-windows-x86_64 | 0.4.3 | 192.00 | 305.00 | 497.00 | NOTE | 
Version: 0.4.3
Check: installed package size
Result: NOTE
    installed size is 20.8Mb
    sub-directories of 1Mb or more:
      doc    6.7Mb
      libs  13.4Mb
Flavors: r-oldrel-macos-arm64, r-oldrel-windows-x86_64
Version: 0.4.3
Check: for GNU extensions in Makefiles
Result: NOTE
  GNU make is a SystemRequirements.
Flavors: r-oldrel-macos-arm64, r-oldrel-windows-x86_64
Version: 0.4.3
Check: package dependencies
Result: ERROR
  Package required but not available: ‘osmdata’
  
  See section ‘The DESCRIPTION file’ in the ‘Writing R Extensions’
  manual.
Flavor: r-oldrel-macos-x86_64