Last updated on 2025-05-04 03:50:51 CEST.
Flavor | Version | Tinstall | Tcheck | Ttotal | Status | Flags |
---|---|---|---|---|---|---|
r-devel-linux-x86_64-debian-clang | 1.0.2 | 10.35 | 143.34 | 153.69 | NOTE | |
r-devel-linux-x86_64-debian-gcc | 1.0.2 | 8.27 | 94.58 | 102.85 | NOTE | |
r-devel-linux-x86_64-fedora-clang | 1.0.2 | 240.57 | OK | |||
r-devel-linux-x86_64-fedora-gcc | 1.0.2 | 236.79 | OK | |||
r-devel-windows-x86_64 | 1.0.2 | 11.00 | 134.00 | 145.00 | OK | |
r-patched-linux-x86_64 | 1.0.2 | 11.12 | 134.47 | 145.59 | OK | |
r-release-linux-x86_64 | OK | |||||
r-release-macos-arm64 | 1.0.2 | 65.00 | OK | |||
r-release-macos-x86_64 | 1.0.2 | 139.00 | OK | |||
r-release-windows-x86_64 | 1.0.2 | 11.00 | 136.00 | 147.00 | OK | |
r-oldrel-macos-arm64 | 1.0.2 | 57.00 | OK | |||
r-oldrel-macos-x86_64 | 1.0.2 | 92.00 | OK | |||
r-oldrel-windows-x86_64 | 1.0.2 | 14.00 | 184.00 | 198.00 | OK |
Version: 1.0.2
Check: CRAN incoming feasibility
Result: NOTE
Maintainer: ‘Corinne Emmenegger <emmenegger@stat.math.ethz.ch>’
Package CITATION file contains call(s) to old-style citEntry(). Please
use bibentry() instead.
The Description field contains
Learning in Partially Linear Endogenous Models" <arXiv:2101.12525> and
Emmenegger and Buehlmann (2021) <arXiv:2108.13657> "Double Machine
Please refer to arXiv e-prints via their arXiv DOI <doi:10.48550/arXiv.YYMM.NNNNN>.
Flavors: r-devel-linux-x86_64-debian-clang, r-devel-linux-x86_64-debian-gcc