CRAN Package Check Results for Package distfree.cr

Last updated on 2025-05-04 03:50:51 CEST.

Flavor Version Tinstall Tcheck Ttotal Status Flags
r-devel-linux-x86_64-debian-clang 1.5.1 1.84 17.92 19.76 NOTE
r-devel-linux-x86_64-debian-gcc 1.5.1 1.39 14.48 15.87 NOTE
r-devel-linux-x86_64-fedora-clang 1.5.1 30.48 OK
r-devel-linux-x86_64-fedora-gcc 1.5.1 29.97 OK
r-devel-windows-x86_64 1.5.1 3.00 36.00 39.00 OK
r-patched-linux-x86_64 1.5.1 1.60 17.26 18.86 OK
r-release-linux-x86_64 OK
r-release-macos-arm64 1.5.1 15.00 OK
r-release-macos-x86_64 1.5.1 22.00 OK
r-release-windows-x86_64 1.5.1 4.00 38.00 42.00 OK
r-oldrel-macos-arm64 1.5.1 19.00 OK
r-oldrel-macos-x86_64 1.5.1 20.00 OK
r-oldrel-windows-x86_64 1.5.1 3.00 36.00 39.00 OK

Check Details

Version: 1.5.1
Check: CRAN incoming feasibility
Result: NOTE Maintainer: ‘Zhiqiu Hu <zhiqiu.hu@gmail.com>’ No Authors@R field in DESCRIPTION. Please add one, modifying Authors@R: c(person(given = "Zhiqiu", family = "Hu", role = c("aut", "cre"), email = "zhiqiu.hu@gmail.com"), person(given = "Rong-cai", family = "Yang", role = "aut")) as necessary. Flavors: r-devel-linux-x86_64-debian-clang, r-devel-linux-x86_64-debian-gcc