CRAN Package Check Results for Package diezeit

Last updated on 2025-11-21 03:51:38 CET.

Flavor Version Tinstall Tcheck Ttotal Status Flags
r-devel-linux-x86_64-debian-clang 0.1-0 1.74 24.94 26.68 NOTE
r-devel-linux-x86_64-debian-gcc 0.1-0 1.51 20.75 22.26 NOTE
r-devel-linux-x86_64-fedora-clang 0.1-0 42.90 OK
r-devel-linux-x86_64-fedora-gcc 0.1-0 57.87 OK
r-devel-windows-x86_64 0.1-0 6.00 43.00 49.00 OK
r-patched-linux-x86_64 0.1-0 2.07 23.51 25.58 OK
r-release-linux-x86_64 0.1-0 1.94 23.50 25.44 OK
r-release-macos-arm64 0.1-0 OK
r-release-macos-x86_64 0.1-0 2.00 54.00 56.00 OK
r-release-windows-x86_64 0.1-0 4.00 43.00 47.00 OK
r-oldrel-macos-arm64 0.1-0 OK
r-oldrel-macos-x86_64 0.1-0 2.00 34.00 36.00 OK
r-oldrel-windows-x86_64 0.1-0 5.00 49.00 54.00 OK

Check Details

Version: 0.1-0
Check: CRAN incoming feasibility
Result: NOTE Maintainer: ‘Christian Graul <christian.graul@gmail.com>’ No Authors@R field in DESCRIPTION. Please add one, modifying Authors@R: person(given = "Christian", family = "Graul", role = c("aut", "cre"), email = "christian.graul@gmail.com") as necessary. Package CITATION file contains call(s) to old-style citEntry(). Please use bibentry() instead. Flavors: r-devel-linux-x86_64-debian-clang, r-devel-linux-x86_64-debian-gcc