Last updated on 2025-05-04 03:50:51 CEST.
Flavor | Version | Tinstall | Tcheck | Ttotal | Status | Flags |
---|---|---|---|---|---|---|
r-devel-linux-x86_64-debian-clang | 1.4.0 | 1.91 | 19.80 | 21.71 | NOTE | |
r-devel-linux-x86_64-debian-gcc | 1.4.0 | 1.64 | 15.91 | 17.55 | NOTE | |
r-devel-linux-x86_64-fedora-clang | 1.4.0 | 33.95 | OK | |||
r-devel-linux-x86_64-fedora-gcc | 1.4.0 | 32.52 | OK | |||
r-devel-windows-x86_64 | 1.4.0 | 3.00 | 43.00 | 46.00 | OK | |
r-patched-linux-x86_64 | 1.4.0 | 1.71 | 19.07 | 20.78 | OK | |
r-release-linux-x86_64 | OK | |||||
r-release-macos-arm64 | 1.4.0 | 16.00 | OK | |||
r-release-macos-x86_64 | 1.4.0 | 24.00 | OK | |||
r-release-windows-x86_64 | 1.4.0 | 4.00 | 46.00 | 50.00 | OK | |
r-oldrel-macos-arm64 | 1.4.0 | 15.00 | OK | |||
r-oldrel-macos-x86_64 | 1.4.0 | 23.00 | OK | |||
r-oldrel-windows-x86_64 | 1.4.0 | 3.00 | 43.00 | 46.00 | OK |
Version: 1.4.0
Check: CRAN incoming feasibility
Result: NOTE
Maintainer: ‘Shinichiro Tomizono <cowares@gmail.com>’
No Authors@R field in DESCRIPTION.
Please add one, modifying
Authors@R: person(given = "Shinichiro",
family = "Tomizono",
role = c("aut", "cre"),
email = "cowares@gmail.com")
as necessary.
Flavors: r-devel-linux-x86_64-debian-clang, r-devel-linux-x86_64-debian-gcc