Last updated on 2025-10-31 02:50:29 CET.
| Flavor | Version | Tinstall | Tcheck | Ttotal | Status | Flags | 
|---|---|---|---|---|---|---|
| r-devel-linux-x86_64-debian-clang | 2023.1.0 | 2.70 | 25.10 | 27.80 | NOTE | |
| r-devel-linux-x86_64-debian-gcc | 2023.1.0 | 1.71 | 19.39 | 21.10 | NOTE | |
| r-devel-linux-x86_64-fedora-clang | 2023.1.0 | 41.15 | OK | |||
| r-devel-linux-x86_64-fedora-gcc | 2023.1.0 | 39.15 | OK | |||
| r-devel-windows-x86_64 | 2023.1.0 | 4.00 | 38.00 | 42.00 | OK | |
| r-patched-linux-x86_64 | 2023.1.0 | 2.47 | 23.08 | 25.55 | OK | |
| r-release-linux-x86_64 | 2023.1.0 | 2.82 | 23.16 | 25.98 | OK | |
| r-release-macos-arm64 | 2023.1.0 | 1.00 | 15.00 | 16.00 | OK | |
| r-release-macos-x86_64 | 2023.1.0 | 7.00 | 28.00 | 35.00 | OK | |
| r-release-windows-x86_64 | 2023.1.0 | 3.00 | 42.00 | 45.00 | OK | |
| r-oldrel-macos-arm64 | 2023.1.0 | 1.00 | 19.00 | 20.00 | OK | |
| r-oldrel-macos-x86_64 | 2023.1.0 | 2.00 | 20.00 | 22.00 | OK | |
| r-oldrel-windows-x86_64 | 2023.1.0 | 4.00 | 38.00 | 42.00 | OK | 
Version: 2023.1.0
Check: CRAN incoming feasibility
Result: NOTE
  Maintainer: ‘Ravi Varadhan <ravi.varadhan@jhu.edu>’
  
  No Authors@R field in DESCRIPTION.
  Please add one, modifying
    Authors@R: c(person(given = "Ravi",
                        family = "Varadhan",
                        role = c("aut", "cre"),
                        email = "ravi.varadhan@jhu.edu"),
                 person(given = c("Johns", "Hopkins"),
                        family = "University"),
                 person(given = c("Hans", "W."),
                        family = "Borchers",
                        role = "aut"),
                 person(given = c("ABB", "Corporate"),
                        family = "Research"),
                 person(given = "Vincent",
                        family = "Bechard",
                        role = "aut"),
                 person(given = "HEC",
                        family = "Montreal",
                        comment = "Montreal University"))
  as necessary.
Flavors: r-devel-linux-x86_64-debian-clang, r-devel-linux-x86_64-debian-gcc