Last updated on 2025-10-28 02:50:44 CET.
| Flavor | Version | Tinstall | Tcheck | Ttotal | Status | Flags |
|---|---|---|---|---|---|---|
| r-devel-linux-x86_64-debian-clang | 0.1.0 | 13.71 | 120.28 | 133.99 | OK | |
| r-devel-linux-x86_64-debian-gcc | 0.1.0 | 10.37 | 88.15 | 98.52 | OK | |
| r-devel-linux-x86_64-fedora-clang | 0.1.0 | 82.00 | 144.25 | 226.25 | NOTE | |
| r-devel-linux-x86_64-fedora-gcc | 0.1.0 | 66.00 | 152.99 | 218.99 | NOTE | |
| r-devel-windows-x86_64 | 0.1.0 | 18.00 | 119.00 | 137.00 | OK | |
| r-patched-linux-x86_64 | 0.1.0 | 13.91 | 113.53 | 127.44 | OK | |
| r-release-linux-x86_64 | 0.1.0 | 12.71 | 114.18 | 126.89 | OK | |
| r-release-macos-arm64 | 0.1.0 | 6.00 | 45.00 | 51.00 | OK | |
| r-release-macos-x86_64 | 0.1.0 | 12.00 | 80.00 | 92.00 | OK | |
| r-release-windows-x86_64 | 0.1.0 | 17.00 | 120.00 | 137.00 | OK | |
| r-oldrel-macos-arm64 | 0.1.0 | 6.00 | 44.00 | 50.00 | OK | |
| r-oldrel-macos-x86_64 | 0.1.0 | 9.00 | 64.00 | 73.00 | OK | |
| r-oldrel-windows-x86_64 | 0.1.0 | 24.00 | 156.00 | 180.00 | OK |
Version: 0.1.0
Check: dependencies in R code
Result: NOTE
Namespaces in Imports field not imported from:
‘reticulate’ ‘tensorflow’
All declared Imports should be used.
Flavors: r-devel-linux-x86_64-fedora-clang, r-devel-linux-x86_64-fedora-gcc