Last updated on 2025-11-04 03:50:48 CET.
| Flavor | Version | Tinstall | Tcheck | Ttotal | Status | Flags | 
|---|---|---|---|---|---|---|
| r-devel-linux-x86_64-debian-clang | 1.2.1 | 40.50 | 71.45 | 111.95 | NOTE | |
| r-devel-linux-x86_64-debian-gcc | 1.2.1 | 30.28 | 51.90 | 82.18 | NOTE | |
| r-devel-linux-x86_64-fedora-clang | 1.2.1 | 83.00 | 104.52 | 187.52 | OK | |
| r-devel-linux-x86_64-fedora-gcc | 1.2.1 | 115.00 | 99.64 | 214.64 | OK | |
| r-devel-windows-x86_64 | 1.2.1 | 44.00 | 104.00 | 148.00 | OK | |
| r-patched-linux-x86_64 | 1.2.1 | 42.58 | 72.03 | 114.61 | OK | |
| r-release-linux-x86_64 | 1.2.1 | 45.29 | 72.71 | 118.00 | OK | |
| r-release-macos-arm64 | 1.2.1 | 21.00 | 58.00 | 79.00 | OK | |
| r-release-macos-x86_64 | 1.2.1 | 37.00 | 89.00 | 126.00 | OK | |
| r-release-windows-x86_64 | 1.2.1 | 43.00 | 103.00 | 146.00 | OK | |
| r-oldrel-macos-arm64 | 1.2.1 | 17.00 | 43.00 | 60.00 | NOTE | |
| r-oldrel-macos-x86_64 | 1.2.1 | 27.00 | 64.00 | 91.00 | NOTE | |
| r-oldrel-windows-x86_64 | 1.2.1 | 53.00 | 138.00 | 191.00 | OK | 
Version: 1.2.1
Check: CRAN incoming feasibility
Result: NOTE
  Maintainer: ‘Hadrien Lorenzo <hadrien.lorenzo.2015@gmail.com>’
  
  No Authors@R field in DESCRIPTION.
  Please add one, modifying
    Authors@R: person(given = "Hadrien",
                      family = "Lorenzo",
                      role = c("aut", "cre"),
                      email = "hadrien.lorenzo.2015@gmail.com")
  as necessary.
Flavors: r-devel-linux-x86_64-debian-clang, r-devel-linux-x86_64-debian-gcc
Version: 1.2.1
Check: installed package size
Result: NOTE
    installed size is 15.2Mb
    sub-directories of 1Mb or more:
      libs  14.5Mb
Flavors: r-oldrel-macos-arm64, r-oldrel-macos-x86_64