Last updated on 2025-11-16 03:49:53 CET.
| Flavor | Version | Tinstall | Tcheck | Ttotal | Status | Flags |
|---|---|---|---|---|---|---|
| r-devel-linux-x86_64-debian-clang | 0.1.1 | 2.72 | 54.35 | 57.07 | OK | |
| r-devel-linux-x86_64-debian-gcc | 0.1.1 | 2.02 | 41.07 | 43.09 | OK | |
| r-devel-linux-x86_64-fedora-clang | 0.1.1 | 89.78 | NOTE | |||
| r-devel-linux-x86_64-fedora-gcc | 0.1.1 | 101.62 | NOTE | |||
| r-devel-windows-x86_64 | 0.1.1 | 5.00 | 71.00 | 76.00 | OK | |
| r-patched-linux-x86_64 | 0.1.1 | 2.85 | 52.52 | 55.37 | OK | |
| r-release-linux-x86_64 | 0.1.1 | 2.40 | 52.49 | 54.89 | OK | |
| r-release-macos-arm64 | 0.1.1 | 2.00 | 38.00 | 40.00 | OK | |
| r-release-macos-x86_64 | 0.1.1 | 3.00 | 65.00 | 68.00 | OK | |
| r-release-windows-x86_64 | 0.1.1 | 5.00 | 72.00 | 77.00 | OK | |
| r-oldrel-macos-arm64 | 0.1.1 | 1.00 | 35.00 | 36.00 | OK | |
| r-oldrel-macos-x86_64 | 0.1.1 | 2.00 | 53.00 | 55.00 | OK | |
| r-oldrel-windows-x86_64 | 0.1.1 | 5.00 | 85.00 | 90.00 | OK |
Version: 0.1.1
Check: dependencies in R code
Result: NOTE
Namespaces in Imports field not imported from:
‘MASS’ ‘qpdf’
All declared Imports should be used.
Flavors: r-devel-linux-x86_64-fedora-clang, r-devel-linux-x86_64-fedora-gcc