Last updated on 2025-11-15 03:50:07 CET.
| Flavor | Version | Tinstall | Tcheck | Ttotal | Status | Flags |
|---|---|---|---|---|---|---|
| r-devel-linux-x86_64-debian-clang | 0.5.0 | 11.32 | 154.38 | 165.70 | NOTE | |
| r-devel-linux-x86_64-debian-gcc | 0.5.0 | 8.22 | 111.78 | 120.00 | NOTE | |
| r-devel-linux-x86_64-fedora-clang | 0.5.0 | 24.00 | 232.79 | 256.79 | NOTE | |
| r-devel-linux-x86_64-fedora-gcc | 0.5.0 | 24.00 | 234.42 | 258.42 | NOTE | |
| r-devel-windows-x86_64 | 0.5.0 | 15.00 | 135.00 | 150.00 | NOTE | |
| r-patched-linux-x86_64 | 0.5.0 | 10.22 | 147.16 | 157.38 | OK | |
| r-release-linux-x86_64 | 0.5.0 | 10.59 | 147.77 | 158.36 | OK | |
| r-release-macos-arm64 | 0.5.0 | 4.00 | 61.00 | 65.00 | OK | |
| r-release-macos-x86_64 | 0.5.0 | 9.00 | 125.00 | 134.00 | OK | |
| r-release-windows-x86_64 | 0.5.0 | 11.00 | 136.00 | 147.00 | OK | |
| r-oldrel-macos-arm64 | 0.5.0 | 4.00 | 61.00 | 65.00 | OK | |
| r-oldrel-macos-x86_64 | 0.5.1 | 11.00 | 179.00 | 190.00 | OK | |
| r-oldrel-windows-x86_64 | 0.5.0 | 18.00 | 176.00 | 194.00 | OK |
Version: 0.5.0
Check: Rd files
Result: NOTE
checkRd: (-1) test_consequences.Rd:50: height/width attributes should be in pixels
Flavors: r-devel-linux-x86_64-debian-clang, r-devel-linux-x86_64-debian-gcc, r-devel-linux-x86_64-fedora-clang, r-devel-linux-x86_64-fedora-gcc, r-devel-windows-x86_64