Last updated on 2025-05-03 03:51:55 CEST.
Flavor | Version | Tinstall | Tcheck | Ttotal | Status | Flags |
---|---|---|---|---|---|---|
r-devel-linux-x86_64-debian-clang | 0.0.2 | 1.97 | 24.95 | 26.92 | NOTE | |
r-devel-linux-x86_64-debian-gcc | 0.0.2 | 1.85 | 20.07 | 21.92 | NOTE | |
r-devel-linux-x86_64-fedora-clang | 0.0.2 | 43.77 | OK | |||
r-devel-linux-x86_64-fedora-gcc | 0.0.2 | 54.45 | OK | |||
r-devel-windows-x86_64 | 0.0.2 | 4.00 | 47.00 | 51.00 | NOTE | |
r-patched-linux-x86_64 | 0.0.2 | 2.26 | 23.59 | 25.85 | NOTE | |
r-release-linux-x86_64 | NOTE | |||||
r-release-macos-arm64 | 0.0.2 | 33.00 | OK | |||
r-release-macos-x86_64 | 0.0.2 | 43.00 | OK | |||
r-release-windows-x86_64 | 0.0.2 | 5.00 | 48.00 | 53.00 | NOTE | |
r-oldrel-macos-arm64 | 0.0.2 | 25.00 | OK | |||
r-oldrel-macos-x86_64 | 0.0.2 | 35.00 | OK | |||
r-oldrel-windows-x86_64 | 0.0.2 | 5.00 | 50.00 | 55.00 | OK |
Version: 0.0.2
Check: CRAN incoming feasibility
Result: NOTE
Maintainer: ‘Brandon Taylor <brandon.taylor221@gmail.com>’
No Authors@R field in DESCRIPTION.
Please add one, modifying
Authors@R: person(given = "Brandon",
family = "Taylor",
role = c("aut", "cre"),
email = "brandon.taylor221@gmail.com")
as necessary.
Flavors: r-devel-linux-x86_64-debian-clang, r-devel-linux-x86_64-debian-gcc
Version: 0.0.2
Check: Rd cross-references
Result: NOTE
Found the following Rd file(s) with Rd \link{} targets missing package
anchors:
dataStepClass.Rd: R6Class
Please provide package anchors for all Rd \link{} targets not in the
package itself and the base packages.
Flavors: r-devel-linux-x86_64-debian-clang, r-devel-linux-x86_64-debian-gcc, r-devel-windows-x86_64, r-patched-linux-x86_64, r-release-linux-x86_64, r-release-windows-x86_64