CRAN Package Check Results for Package dataCompareR

Last updated on 2025-07-27 03:50:01 CEST.

Flavor Version Tinstall Tcheck Ttotal Status Flags
r-devel-linux-x86_64-debian-clang 0.1.4 6.21 111.13 117.34 NOTE
r-devel-linux-x86_64-debian-gcc 0.1.4 4.43 76.43 80.86 NOTE
r-devel-linux-x86_64-fedora-clang 0.1.4 182.44 NOTE
r-devel-linux-x86_64-fedora-gcc 0.1.4 186.18 NOTE
r-devel-windows-x86_64 0.1.4 8.00 142.00 150.00 NOTE
r-patched-linux-x86_64 0.1.4 6.60 105.39 111.99 NOTE
r-release-linux-x86_64 0.1.4 6.27 105.55 111.82 NOTE
r-release-macos-arm64 0.1.4 65.00 NOTE
r-release-macos-x86_64 0.1.4 117.00 NOTE
r-release-windows-x86_64 0.1.4 8.00 124.00 132.00 NOTE
r-oldrel-macos-arm64 0.1.4 51.00 NOTE
r-oldrel-macos-x86_64 0.1.4 85.00 NOTE
r-oldrel-windows-x86_64 0.1.4 10.00 158.00 168.00 NOTE

Check Details

Version: 0.1.4
Check: Rd files
Result: NOTE checkRd: (-1) processFlow.Rd:14: Lost braces 14 | \item{roundDigits}{Integer. If NA, numerics are not rounded before comparison. If /code{roundDigits} is specified, numerics are | ^ checkRd: (-1) processFlow.Rd:15: Lost braces 15 | rounded to /code{roundDigits} decimal places using \link[base]{round}.} | ^ Flavors: r-devel-linux-x86_64-debian-clang, r-devel-linux-x86_64-debian-gcc, r-devel-linux-x86_64-fedora-clang, r-devel-linux-x86_64-fedora-gcc, r-devel-windows-x86_64, r-patched-linux-x86_64, r-release-linux-x86_64, r-release-macos-arm64, r-release-macos-x86_64, r-release-windows-x86_64, r-oldrel-macos-arm64, r-oldrel-macos-x86_64, r-oldrel-windows-x86_64