CRAN Package Check Results for Package curry

Last updated on 2025-05-21 03:50:36 CEST.

Flavor Version Tinstall Tcheck Ttotal Status Flags
r-devel-linux-x86_64-debian-clang 0.1.1 1.57 17.65 19.22 NOTE
r-devel-linux-x86_64-debian-gcc 0.1.1 1.41 14.53 15.94 NOTE
r-devel-linux-x86_64-fedora-clang 0.1.1 28.19 OK
r-devel-linux-x86_64-fedora-gcc 0.1.1 26.95 OK
r-devel-windows-x86_64 0.1.1 2.00 39.00 41.00 OK
r-patched-linux-x86_64 0.1.1 1.39 15.73 17.12 OK
r-release-linux-x86_64 0.1.1 1.56 15.91 17.47 OK
r-release-macos-arm64 0.1.1 14.00 OK
r-release-macos-x86_64 0.1.1 22.00 OK
r-release-windows-x86_64 0.1.1 3.00 39.00 42.00 OK
r-oldrel-macos-arm64 0.1.1 14.00 NOTE
r-oldrel-macos-x86_64 0.1.1 20.00 NOTE
r-oldrel-windows-x86_64 0.1.1 3.00 34.00 37.00 NOTE

Check Details

Version: 0.1.1
Check: CRAN incoming feasibility
Result: NOTE Maintainer: ‘Thomas Lin Pedersen <thomasp85@gmail.com>’ No Authors@R field in DESCRIPTION. Please add one, modifying Authors@R: person(given = c("Thomas", "Lin"), family = "Pedersen", role = c("aut", "cre"), email = "thomasp85@gmail.com") as necessary. Flavors: r-devel-linux-x86_64-debian-clang, r-devel-linux-x86_64-debian-gcc

Version: 0.1.1
Check: LazyData
Result: NOTE 'LazyData' is specified without a 'data' directory Flavors: r-oldrel-macos-arm64, r-oldrel-macos-x86_64, r-oldrel-windows-x86_64