CRAN Package Check Results for Package ctbi

Last updated on 2025-11-23 03:48:40 CET.

Flavor Version Tinstall Tcheck Ttotal Status Flags
r-devel-linux-x86_64-debian-clang 2.0.5 3.50 34.65 38.15 NOTE
r-devel-linux-x86_64-debian-gcc 2.0.5 2.44 27.05 29.49 NOTE
r-devel-linux-x86_64-fedora-clang 2.0.5 54.08 OK
r-devel-windows-x86_64 2.0.5 7.00 49.00 56.00 OK
r-patched-linux-x86_64 2.0.5 3.33 30.41 33.74 OK
r-release-linux-x86_64 2.0.5 3.35 30.36 33.71 OK
r-release-macos-arm64 2.0.5 OK
r-release-macos-x86_64 2.0.5 3.00 30.00 33.00 OK
r-release-windows-x86_64 2.0.5 6.00 49.00 55.00 OK
r-oldrel-macos-arm64 2.0.5 OK
r-oldrel-macos-x86_64 2.0.5 2.00 29.00 31.00 OK
r-oldrel-windows-x86_64 2.0.5 5.00 57.00 62.00 OK

Check Details

Version: 2.0.5
Check: CRAN incoming feasibility
Result: NOTE Maintainer: ‘Francois Ritter <ritter.francois@gmail.com>’ Package CITATION file contains call(s) to old-style citEntry(). Please use bibentry() instead. Flavors: r-devel-linux-x86_64-debian-clang, r-devel-linux-x86_64-debian-gcc