CRAN Package Check Results for Package crso

Last updated on 2025-05-02 03:51:05 CEST.

Flavor Version Tinstall Tcheck Ttotal Status Flags
r-devel-linux-x86_64-debian-clang 0.1.1 2.98 323.33 326.31 NOTE
r-devel-linux-x86_64-debian-gcc 0.1.1 2.04 194.56 196.60 NOTE
r-devel-linux-x86_64-fedora-clang 0.1.1 541.81 OK
r-devel-linux-x86_64-fedora-gcc 0.1.1 556.17 OK
r-devel-windows-x86_64 0.1.1 4.00 290.00 294.00 OK
r-patched-linux-x86_64 0.1.1 3.20 300.53 303.73 OK
r-release-linux-x86_64 OK
r-release-macos-arm64 0.1.1 137.00 OK
r-release-macos-x86_64 0.1.1 291.00 OK
r-release-windows-x86_64 0.1.1 4.00 297.00 301.00 OK
r-oldrel-macos-arm64 0.1.1 119.00 OK
r-oldrel-macos-x86_64 0.1.1 211.00 OK
r-oldrel-windows-x86_64 0.1.1 5.00 355.00 360.00 OK

Check Details

Version: 0.1.1
Check: CRAN incoming feasibility
Result: NOTE Maintainer: ‘Michael Klein <michael.klein@yale.edu>’ No Authors@R field in DESCRIPTION. Please add one, modifying Authors@R: person(given = "Michael", family = "Klein", role = c("aut", "cre"), email = "michael.klein@yale.edu") as necessary. Flavors: r-devel-linux-x86_64-debian-clang, r-devel-linux-x86_64-debian-gcc

Version: 0.1.1
Check: examples
Result: NOTE Examples with CPU (user + system) or elapsed time > 5s user system elapsed getPoolSizes 12.505 0.016 14.975 getCoreRS 9.800 0.000 11.620 makeSubCoreList 8.693 0.027 13.735 makeFilteredImList 8.302 0.015 10.015 evaluateListOfIMs 8.192 0.046 9.249 getCoreK 8.224 0.000 10.060 getBestRsList 8.095 0.000 8.615 makePhaseTwoImList 7.485 0.106 12.029 makePhaseThreeImList 6.503 0.004 7.578 makePhaseOneOrderedRM 4.952 0.000 5.917 Flavor: r-devel-linux-x86_64-debian-clang