Last updated on 2025-05-02 03:51:05 CEST.
Flavor | Version | Tinstall | Tcheck | Ttotal | Status | Flags |
---|---|---|---|---|---|---|
r-devel-linux-x86_64-debian-clang | 2.0.6 | 11.83 | 105.73 | 117.56 | NOTE | |
r-devel-linux-x86_64-debian-gcc | 2.0.6 | 8.92 | 74.62 | 83.54 | OK | |
r-devel-linux-x86_64-fedora-clang | 2.0.6 | 176.30 | OK | |||
r-devel-linux-x86_64-fedora-gcc | 2.0.6 | 185.23 | OK | |||
r-devel-windows-x86_64 | 2.0.6 | 15.00 | 119.00 | 134.00 | OK | |
r-patched-linux-x86_64 | 2.0.6 | 11.85 | 98.59 | 110.44 | OK | |
r-release-linux-x86_64 | OK | |||||
r-release-macos-arm64 | 2.0.6 | 78.00 | OK | |||
r-release-macos-x86_64 | 2.0.6 | 110.00 | OK | |||
r-release-windows-x86_64 | 2.0.6 | 15.00 | 128.00 | 143.00 | OK | |
r-oldrel-macos-arm64 | 2.0.6 | 59.00 | OK | |||
r-oldrel-macos-x86_64 | 2.0.6 | 163.00 | OK | |||
r-oldrel-windows-x86_64 | 2.0.6 | 18.00 | 147.00 | 165.00 | OK |
Version: 2.0.6
Check: examples
Result: NOTE
Examples with CPU (user + system) or elapsed time > 5s
user system elapsed
crqa-package 5.083 0.747 6.589
crqa 4.238 0.408 6.020
Flavor: r-devel-linux-x86_64-debian-clang