Last updated on 2025-05-04 03:50:50 CEST.
Flavor | Version | Tinstall | Tcheck | Ttotal | Status | Flags |
---|---|---|---|---|---|---|
r-devel-linux-x86_64-debian-clang | 0.9-4 | 9.54 | 24.94 | 34.48 | NOTE | |
r-devel-linux-x86_64-debian-gcc | 0.9-4 | 7.22 | 19.48 | 26.70 | NOTE | |
r-devel-linux-x86_64-fedora-clang | 0.9-4 | 59.78 | OK | |||
r-devel-linux-x86_64-fedora-gcc | 0.9-4 | 57.99 | OK | |||
r-devel-windows-x86_64 | 0.9-4 | 13.00 | 63.00 | 76.00 | OK | |
r-patched-linux-x86_64 | 0.9-4 | 8.95 | 24.31 | 33.26 | OK | |
r-release-linux-x86_64 | OK | |||||
r-release-macos-arm64 | 0.9-4 | 21.00 | OK | |||
r-release-macos-x86_64 | 0.9-4 | 35.00 | OK | |||
r-release-windows-x86_64 | 0.9-4 | 13.00 | 62.00 | 75.00 | OK | |
r-oldrel-macos-arm64 | 0.9-4 | 21.00 | OK | |||
r-oldrel-macos-x86_64 | 0.9-4 | 30.00 | OK | |||
r-oldrel-windows-x86_64 | 0.9-4 | 14.00 | 74.00 | 88.00 | OK |
Version: 0.9-4
Check: CRAN incoming feasibility
Result: NOTE
Maintainer: ‘Carsten Franz <carsten.franz@gmail.com>’
No Authors@R field in DESCRIPTION.
Please add one, modifying
Authors@R: person(given = "Carsten",
family = "Franz",
role = c("aut", "cre"),
email = "carsten.franz@gmail.com")
as necessary.
Flavors: r-devel-linux-x86_64-debian-clang, r-devel-linux-x86_64-debian-gcc