Last updated on 2025-11-23 03:48:39 CET.
| Flavor | Version | Tinstall | Tcheck | Ttotal | Status | Flags |
|---|---|---|---|---|---|---|
| r-devel-linux-x86_64-debian-clang | 2.3 | 27.26 | 29.78 | 57.04 | NOTE | |
| r-devel-linux-x86_64-debian-gcc | 2.3 | 61.98 | 23.11 | 85.09 | NOTE | |
| r-devel-linux-x86_64-fedora-clang | 2.3 | 83.00 | 35.47 | 118.47 | NOTE | |
| r-devel-windows-x86_64 | 2.3 | 68.00 | 53.00 | 121.00 | OK | |
| r-patched-linux-x86_64 | 2.3 | 114.73 | 27.84 | 142.57 | OK | |
| r-release-linux-x86_64 | 2.3 | 105.52 | 27.06 | 132.58 | OK | |
| r-release-macos-arm64 | 2.3 | OK | ||||
| r-release-macos-x86_64 | 2.3 | 23.00 | 29.00 | 52.00 | OK | |
| r-release-windows-x86_64 | 2.3 | 77.00 | 52.00 | 129.00 | OK | |
| r-oldrel-macos-arm64 | 2.3 | OK | ||||
| r-oldrel-macos-x86_64 | 2.3 | 22.00 | 26.00 | 48.00 | OK | |
| r-oldrel-windows-x86_64 | 2.3 | 75.00 | 58.00 | 133.00 | OK |
Version: 2.3
Check: CRAN incoming feasibility
Result: NOTE
Maintainer: ‘Gordon J. Ross <gordon@gordonjross.co.uk>’
No Authors@R field in DESCRIPTION.
Please add one, modifying
Authors@R: person(given = c("Gordon", "J."),
family = "Ross",
role = c("aut", "cre"),
email = "gordon@gordonjross.co.uk")
as necessary.
Package CITATION file contains call(s) to old-style personList() or
as.personList(). Please use c() on person objects instead.
Package CITATION file contains call(s) to old-style citEntry(). Please
use bibentry() instead.
Flavors: r-devel-linux-x86_64-debian-clang, r-devel-linux-x86_64-debian-gcc
Version: 2.3
Check: compiled code
Result: NOTE
File ‘cpm/libs/cpm.so’:
Found no calls to: ‘R_registerRoutines’, ‘R_useDynamicSymbols’
It is good practice to register native routines and to disable symbol
search.
See ‘Writing portable packages’ in the ‘Writing R Extensions’ manual.
Flavor: r-devel-linux-x86_64-fedora-clang