Last updated on 2025-05-02 03:51:05 CEST.
Flavor | Version | Tinstall | Tcheck | Ttotal | Status | Flags |
---|---|---|---|---|---|---|
r-devel-linux-x86_64-debian-clang | 1.13.4 | 9.54 | 54.95 | 64.49 | NOTE | |
r-devel-linux-x86_64-debian-gcc | 1.13.4 | 7.11 | 40.63 | 47.74 | NOTE | |
r-devel-linux-x86_64-fedora-clang | 1.13.4 | 96.44 | NOTE | |||
r-devel-linux-x86_64-fedora-gcc | 1.13.4 | 94.69 | NOTE | |||
r-devel-windows-x86_64 | 1.13.4 | 13.00 | 79.00 | 92.00 | NOTE | |
r-patched-linux-x86_64 | 1.13.4 | 9.87 | 51.98 | 61.85 | NOTE | |
r-release-linux-x86_64 | NOTE | |||||
r-release-macos-arm64 | 1.13.4 | 37.00 | NOTE | |||
r-release-macos-x86_64 | 1.13.4 | 64.00 | NOTE | |||
r-release-windows-x86_64 | 1.13.4 | 14.00 | 78.00 | 92.00 | NOTE | |
r-oldrel-macos-arm64 | 1.13.4 | 31.00 | OK | |||
r-oldrel-macos-x86_64 | 1.13.4 | 49.00 | OK | |||
r-oldrel-windows-x86_64 | 1.13.4 | 15.00 | 83.00 | 98.00 | OK |
Version: 1.13.4
Check: DESCRIPTION meta-information
Result: NOTE
Missing dependency on R >= 4.1.0 because package code uses the pipe
|> or function shorthand \(...) syntax added in R 4.1.0.
File(s) using such syntax:
‘coxphf-tidiers.R’
Flavors: r-devel-linux-x86_64-debian-clang, r-devel-linux-x86_64-debian-gcc, r-devel-linux-x86_64-fedora-clang, r-devel-linux-x86_64-fedora-gcc, r-devel-windows-x86_64, r-patched-linux-x86_64, r-release-linux-x86_64, r-release-macos-arm64, r-release-macos-x86_64, r-release-windows-x86_64