Last updated on 2025-11-16 03:49:52 CET.
| Flavor | Version | Tinstall | Tcheck | Ttotal | Status | Flags |
|---|---|---|---|---|---|---|
| r-devel-linux-x86_64-debian-clang | 0.1.0 | 2.27 | 45.60 | 47.87 | OK | |
| r-devel-linux-x86_64-debian-gcc | 0.1.0 | 2.30 | 35.22 | 37.52 | OK | |
| r-devel-linux-x86_64-fedora-clang | 0.1.0 | 67.06 | NOTE | |||
| r-devel-linux-x86_64-fedora-gcc | 0.1.0 | 82.09 | NOTE | |||
| r-devel-windows-x86_64 | 0.1.0 | 10.00 | 79.00 | 89.00 | OK | |
| r-patched-linux-x86_64 | 0.1.0 | 2.75 | 43.84 | 46.59 | OK | |
| r-release-linux-x86_64 | 0.1.0 | 2.89 | 43.28 | 46.17 | OK | |
| r-release-macos-arm64 | 0.1.0 | 3.00 | 43.00 | 46.00 | OK | |
| r-release-macos-x86_64 | 0.1.0 | 4.00 | 60.00 | 64.00 | OK | |
| r-release-windows-x86_64 | 0.1.0 | 6.00 | 175.00 | 181.00 | OK | |
| r-oldrel-macos-arm64 | 0.1.0 | 2.00 | 30.00 | 32.00 | OK | |
| r-oldrel-macos-x86_64 | 0.1.0 | 4.00 | 47.00 | 51.00 | OK | |
| r-oldrel-windows-x86_64 | 0.1.0 | 8.00 | 86.00 | 94.00 | OK |
Version: 0.1.0
Check: compiled code
Result: NOTE
File ‘covBM/libs/covBM.so’:
Found no calls to: ‘R_registerRoutines’, ‘R_useDynamicSymbols’
It is good practice to register native routines and to disable symbol
search.
See ‘Writing portable packages’ in the ‘Writing R Extensions’ manual.
Flavors: r-devel-linux-x86_64-fedora-clang, r-devel-linux-x86_64-fedora-gcc