Last updated on 2025-05-17 03:49:03 CEST.
Flavor | Version | Tinstall | Tcheck | Ttotal | Status | Flags |
---|---|---|---|---|---|---|
r-devel-linux-x86_64-debian-clang | 1.0.4 | 3.44 | 182.55 | 185.99 | NOTE | |
r-devel-linux-x86_64-debian-gcc | 1.0.4 | 2.50 | 128.15 | 130.65 | NOTE | |
r-devel-linux-x86_64-fedora-clang | 1.0.4 | 285.92 | OK | |||
r-devel-linux-x86_64-fedora-gcc | 1.0.4 | 287.37 | OK | |||
r-devel-windows-x86_64 | 1.0.4 | 5.00 | 188.00 | 193.00 | NOTE | |
r-patched-linux-x86_64 | 1.0.4 | 3.31 | 179.09 | 182.40 | NOTE | |
r-release-linux-x86_64 | 1.0.4 | 2.73 | 178.06 | 180.79 | NOTE | |
r-release-macos-arm64 | 1.0.4 | 95.00 | OK | |||
r-release-macos-x86_64 | 1.0.4 | 133.00 | OK | |||
r-release-windows-x86_64 | 1.0.4 | 4.00 | 173.00 | 177.00 | NOTE | |
r-oldrel-macos-arm64 | 1.0.4 | 68.00 | OK | |||
r-oldrel-macos-x86_64 | 1.0.4 | 96.00 | OK | |||
r-oldrel-windows-x86_64 | 1.0.4 | 7.00 | 213.00 | 220.00 | OK |
Version: 1.0.4
Check: Rd cross-references
Result: NOTE
Found the following Rd file(s) with Rd \link{} targets missing package
anchors:
corrgrapher.Rd: visNetwork
plot.corrgrapher.Rd: visNetwork
Please provide package anchors for all Rd \link{} targets not in the
package itself and the base packages.
Flavors: r-devel-linux-x86_64-debian-clang, r-devel-linux-x86_64-debian-gcc, r-devel-windows-x86_64, r-patched-linux-x86_64, r-release-linux-x86_64, r-release-windows-x86_64