CRAN Package Check Results for Package coefplot

Last updated on 2025-05-03 03:51:54 CEST.

Flavor Version Tinstall Tcheck Ttotal Status Flags
r-devel-linux-x86_64-debian-clang 1.2.8 7.04 86.19 93.23 NOTE
r-devel-linux-x86_64-debian-gcc 1.2.8 4.55 60.14 64.69 NOTE
r-devel-linux-x86_64-fedora-clang 1.2.8 139.80 OK
r-devel-linux-x86_64-fedora-gcc 1.2.8 142.82 OK
r-devel-windows-x86_64 1.2.8 9.00 108.00 117.00 NOTE
r-patched-linux-x86_64 1.2.8 7.00 80.55 87.55 NOTE
r-release-linux-x86_64 NOTE
r-release-macos-arm64 1.2.8 42.00 OK
r-release-macos-x86_64 1.2.8 88.00 OK
r-release-windows-x86_64 1.2.8 9.00 108.00 117.00 NOTE
r-oldrel-macos-arm64 1.2.8 42.00 OK
r-oldrel-macos-x86_64 1.2.8 63.00 OK
r-oldrel-windows-x86_64 1.2.8 11.00 130.00 141.00 OK

Check Details

Version: 1.2.8
Check: CRAN incoming feasibility
Result: NOTE Maintainer: ‘Jared P. Lander <packages@jaredlander.com>’ No Authors@R field in DESCRIPTION. Please add one, modifying Authors@R: person(given = c("Jared", "P."), family = "Lander", role = c("aut", "cre"), email = "packages@jaredlander.com") as necessary. Flavors: r-devel-linux-x86_64-debian-clang, r-devel-linux-x86_64-debian-gcc

Version: 1.2.8
Check: Rd cross-references
Result: NOTE Found the following Rd file(s) with Rd \link{} targets missing package anchors: coefplot.Rd: ggplot Please provide package anchors for all Rd \link{} targets not in the package itself and the base packages. Flavors: r-devel-linux-x86_64-debian-clang, r-devel-linux-x86_64-debian-gcc, r-devel-windows-x86_64, r-patched-linux-x86_64, r-release-linux-x86_64, r-release-windows-x86_64