Last updated on 2025-05-01 03:49:46 CEST.
Flavor | Version | Tinstall | Tcheck | Ttotal | Status | Flags |
---|---|---|---|---|---|---|
r-devel-linux-x86_64-debian-clang | 4.0.0 | 66.51 | 158.89 | 225.40 | NOTE | |
r-devel-linux-x86_64-debian-gcc | 4.0.0 | 51.69 | 107.08 | 158.77 | OK | |
r-devel-linux-x86_64-fedora-clang | 4.0.0 | 427.87 | OK | |||
r-devel-linux-x86_64-fedora-gcc | 4.0.0 | 455.39 | OK | |||
r-devel-windows-x86_64 | 4.0.0 | 78.00 | 199.00 | 277.00 | OK | |
r-patched-linux-x86_64 | 4.0.0 | 66.09 | 149.38 | 215.47 | OK | |
r-release-linux-x86_64 | 4.0.0 | 70.88 | 153.53 | 224.41 | OK | |
r-release-macos-arm64 | 4.0.0 | 105.00 | OK | |||
r-release-macos-x86_64 | 4.0.0 | 180.00 | OK | |||
r-release-windows-x86_64 | 4.0.0 | 80.00 | 210.00 | 290.00 | OK | |
r-oldrel-macos-arm64 | 4.0.0 | 106.00 | NOTE | |||
r-oldrel-macos-x86_64 | 4.0.0 | 184.00 | NOTE | |||
r-oldrel-windows-x86_64 | 4.0.0 | 89.00 | 250.00 | 339.00 | OK |
Version: 4.0.0
Check: examples
Result: NOTE
Examples with CPU (user + system) or elapsed time > 5s
user system elapsed
cna 5.361 1.377 8.064
cnaControl 6.078 0.521 8.003
randomConds 5.108 0.159 6.351
cna-solutions 3.961 0.694 7.200
Flavor: r-devel-linux-x86_64-debian-clang
Version: 4.0.0
Check: examples
Result: NA
user system elapsed
cna 3.237 0.589 5.228
cnaControl 3.602 0.124 5.282
OK
Flavor: r-devel-linux-x86_64-debian-gcc
Version: 4.0.0
Check: installed package size
Result: NOTE
installed size is 6.0Mb
sub-directories of 1Mb or more:
libs 4.6Mb
Flavors: r-oldrel-macos-arm64, r-oldrel-macos-x86_64