Last updated on 2025-11-22 03:50:45 CET.
| Flavor | Version | Tinstall | Tcheck | Ttotal | Status | Flags |
|---|---|---|---|---|---|---|
| r-devel-linux-x86_64-debian-clang | 0.5.5 | 47.06 | 81.02 | 128.08 | NOTE | |
| r-devel-linux-x86_64-debian-gcc | 0.5.5 | 33.34 | 62.35 | 95.69 | NOTE | |
| r-devel-linux-x86_64-fedora-clang | 0.5.5 | 91.00 | 133.24 | 224.24 | OK | |
| r-devel-windows-x86_64 | 0.5.5 | 72.00 | 117.00 | 189.00 | OK | |
| r-patched-linux-x86_64 | 0.5.5 | 47.73 | 76.63 | 124.36 | OK | |
| r-release-linux-x86_64 | 0.5.5 | 48.89 | 75.56 | 124.45 | OK | |
| r-release-macos-arm64 | 0.5.5 | OK | ||||
| r-release-macos-x86_64 | 0.5.5 | 17.00 | 83.00 | 100.00 | OK | |
| r-release-windows-x86_64 | 0.5.5 | 60.00 | 115.00 | 175.00 | OK | |
| r-oldrel-macos-arm64 | 0.5.5 | OK | ||||
| r-oldrel-macos-x86_64 | 0.5.5 | 18.00 | 69.00 | 87.00 | OK | |
| r-oldrel-windows-x86_64 | 0.5.5 | 72.00 | 142.00 | 214.00 | OK |
Version: 0.5.5
Check: CRAN incoming feasibility
Result: NOTE
Maintainer: ‘Martí Renedo Mirambell <marti.renedo@gmail.com>’
No Authors@R field in DESCRIPTION.
Please add one, modifying
Authors@R: person(given = c("Martí", "Renedo"),
family = "Mirambell",
role = c("aut", "cre"),
email = "marti.renedo@gmail.com")
as necessary.
Flavors: r-devel-linux-x86_64-debian-clang, r-devel-linux-x86_64-debian-gcc