Last updated on 2025-05-04 03:50:49 CEST.
Flavor | Version | Tinstall | Tcheck | Ttotal | Status | Flags |
---|---|---|---|---|---|---|
r-devel-linux-x86_64-debian-clang | 1.0 | 4.27 | 38.06 | 42.33 | NOTE | |
r-devel-linux-x86_64-debian-gcc | 1.0 | 3.21 | 27.04 | 30.25 | NOTE | |
r-devel-linux-x86_64-fedora-clang | 1.0 | 72.40 | OK | |||
r-devel-linux-x86_64-fedora-gcc | 1.0 | 63.88 | OK | |||
r-devel-windows-x86_64 | 1.0 | 5.00 | 68.00 | 73.00 | OK | |
r-patched-linux-x86_64 | 1.0 | 4.35 | 36.49 | 40.84 | OK | |
r-release-linux-x86_64 | OK | |||||
r-release-macos-arm64 | 1.0 | 25.00 | OK | |||
r-release-macos-x86_64 | 1.0 | 36.00 | OK | |||
r-release-windows-x86_64 | 1.0 | 6.00 | 55.00 | 61.00 | OK | |
r-oldrel-macos-arm64 | 1.0 | 24.00 | OK | |||
r-oldrel-macos-x86_64 | 1.0 | 33.00 | OK | |||
r-oldrel-windows-x86_64 | 1.0 | 5.00 | 61.00 | 66.00 | OK |
Version: 1.0
Check: CRAN incoming feasibility
Result: NOTE
Maintainer: ‘Yanming Li <liyanmin@umich.edu>’
No Authors@R field in DESCRIPTION.
Please add one, modifying
Authors@R: c(person(given = "Yanming",
family = "Li",
role = c("aut", "cre"),
email = "liyanmin@umich.edu"),
person(given = "Kerby",
family = "Shedden",
role = "aut"),
person(given = c("Brenda", "W."),
family = "Gillespie",
role = "aut"),
person(given = c("John", "A."),
family = "Gillespie",
role = "aut"))
as necessary.
File 'R/clikcorr-internal.R' sets .Random.seed.
This is usually neither needed nor wanted.
Flavors: r-devel-linux-x86_64-debian-clang, r-devel-linux-x86_64-debian-gcc