Last updated on 2025-05-02 03:51:04 CEST.
Flavor | Version | Tinstall | Tcheck | Ttotal | Status | Flags |
---|---|---|---|---|---|---|
r-devel-linux-x86_64-debian-clang | 0.9.0 | 52.98 | 371.08 | 424.06 | NOTE | |
r-devel-linux-x86_64-debian-gcc | 0.9.0 | 38.83 | 242.74 | 281.57 | NOTE | |
r-devel-linux-x86_64-fedora-clang | 0.9.0 | 694.53 | NOTE | |||
r-devel-linux-x86_64-fedora-gcc | 0.9.0 | 667.75 | NOTE | |||
r-devel-windows-x86_64 | 0.9.0 | 53.00 | 298.00 | 351.00 | NOTE | |
r-patched-linux-x86_64 | 0.9.0 | 53.36 | 353.65 | 407.01 | NOTE | |
r-release-linux-x86_64 | NOTE | |||||
r-release-macos-arm64 | 0.9.0 | 201.00 | NOTE | |||
r-release-macos-x86_64 | 0.9.0 | 308.00 | NOTE | |||
r-release-windows-x86_64 | 0.9.0 | 57.00 | 314.00 | 371.00 | NOTE | |
r-oldrel-macos-arm64 | 0.9.0 | 140.00 | NOTE | |||
r-oldrel-macos-x86_64 | 0.9.0 | 243.00 | NOTE | |||
r-oldrel-windows-x86_64 | 0.9.0 | 68.00 | 427.00 | 495.00 | NOTE |
Version: 0.9.0
Check: CRAN incoming feasibility
Result: NOTE
Maintainer: ‘Pierre Roudier <roudierp@landcareresearch.co.nz>’
Package CITATION file contains call(s) to old-style citEntry(). Please
use bibentry() instead.
Flavors: r-devel-linux-x86_64-debian-clang, r-devel-linux-x86_64-debian-gcc
Version: 0.9.0
Check: C++ specification
Result: NOTE
Specified C++11: please drop specification unless essential
Flavors: r-devel-linux-x86_64-debian-clang, r-devel-linux-x86_64-debian-gcc, r-devel-linux-x86_64-fedora-clang, r-devel-linux-x86_64-fedora-gcc, r-devel-windows-x86_64, r-patched-linux-x86_64, r-release-linux-x86_64, r-release-macos-arm64, r-release-macos-x86_64, r-release-windows-x86_64, r-oldrel-macos-arm64, r-oldrel-macos-x86_64, r-oldrel-windows-x86_64
Version: 0.9.0
Check: package subdirectories
Result: NOTE
Problems with news in ‘NEWS.md’:
Cannot extract version info from the following section titles:
clhs_0.7-2
clhs_0.7-0
clhs_0.6-0
clhs_0.5-7
clhs_0.5-6
clhs_0.5-3
clhs_0.5-2
clhs_0.5-1
clhs_0.5-0
clhs_0.4-3
clhs_0.4-2
clhs_0.4-1
clhs_0.4-0
clhs_0.3-2
clhs_0.3-1
clhs_0.3-0
clhs_0.2-1
clhs_0.2-0
clhs_0.1-0
Flavors: r-devel-linux-x86_64-debian-clang, r-devel-linux-x86_64-debian-gcc, r-devel-linux-x86_64-fedora-clang, r-devel-linux-x86_64-fedora-gcc, r-devel-windows-x86_64, r-patched-linux-x86_64, r-release-linux-x86_64, r-release-macos-arm64, r-release-macos-x86_64, r-release-windows-x86_64, r-oldrel-macos-arm64, r-oldrel-macos-x86_64, r-oldrel-windows-x86_64
Version: 0.9.0
Check: examples
Result: NOTE
Examples with CPU (user + system) or elapsed time > 5s
user system elapsed
plot.cLHS_result 5.494 0.08 8.075
Flavor: r-devel-linux-x86_64-debian-clang
Version: 0.9.0
Check: dependencies in R code
Result: NOTE
Namespace in Imports field not imported from: ‘sp’
All declared Imports should be used.
Flavors: r-devel-linux-x86_64-fedora-clang, r-devel-linux-x86_64-fedora-gcc