Last updated on 2025-05-02 03:51:04 CEST.
Flavor | Version | Tinstall | Tcheck | Ttotal | Status | Flags |
---|---|---|---|---|---|---|
r-devel-linux-x86_64-debian-clang | 0.3-1 | 169.34 | 50.18 | 219.52 | NOTE | |
r-devel-linux-x86_64-debian-gcc | 0.3-1 | 129.65 | 34.91 | 164.56 | NOTE | |
r-devel-linux-x86_64-fedora-clang | 0.3-1 | 386.61 | OK | |||
r-devel-linux-x86_64-fedora-gcc | 0.3-1 | 422.13 | OK | |||
r-devel-windows-x86_64 | 0.3-1 | 185.00 | 109.00 | 294.00 | NOTE | |
r-patched-linux-x86_64 | 0.3-1 | 180.46 | 47.35 | 227.81 | NOTE | |
r-release-linux-x86_64 | NOTE | |||||
r-release-macos-arm64 | 0.3-1 | 90.00 | OK | |||
r-release-macos-x86_64 | 0.3-1 | 150.00 | OK | |||
r-release-windows-x86_64 | 0.3-1 | 184.00 | 106.00 | 290.00 | NOTE | |
r-oldrel-macos-arm64 | 0.3-1 | 81.00 | NOTE | |||
r-oldrel-macos-x86_64 | 0.3-1 | 90.00 | NOTE | |||
r-oldrel-windows-x86_64 | 0.3-1 | 204.00 | 117.00 | 321.00 | OK |
Version: 0.3-1
Check: Rd cross-references
Result: NOTE
Found the following Rd file(s) with Rd \link{} targets missing package
anchors:
Rcpp_CONEC-class.Rd: C++Object-class
Rcpp_CPS-class.Rd: C++Object-class
Rcpp_CTRL-class.Rd: C++Object-class
Rcpp_DCP-class.Rd: C++Object-class
Rcpp_DLP-class.Rd: C++Object-class
Rcpp_DNL-class.Rd: C++Object-class
Rcpp_DQP-class.Rd: C++Object-class
Rcpp_PDV-class.Rd: C++Object-class
Please provide package anchors for all Rd \link{} targets not in the
package itself and the base packages.
Flavors: r-devel-linux-x86_64-debian-clang, r-devel-linux-x86_64-debian-gcc, r-devel-windows-x86_64, r-patched-linux-x86_64, r-release-linux-x86_64, r-release-windows-x86_64
Version: 0.3-1
Check: installed package size
Result: NOTE
installed size is 18.1Mb
sub-directories of 1Mb or more:
libs 17.9Mb
Flavors: r-oldrel-macos-arm64, r-oldrel-macos-x86_64