CRAN Package Check Results for Package caseMatch

Last updated on 2025-05-08 03:51:20 CEST.

Flavor Version Tinstall Tcheck Ttotal Status Flags
r-devel-linux-x86_64-debian-clang 1.1.0 2.41 20.20 22.61 NOTE
r-devel-linux-x86_64-debian-gcc 1.1.0 1.68 15.81 17.49 NOTE
r-devel-linux-x86_64-fedora-clang 1.1.0 35.54 OK
r-devel-linux-x86_64-fedora-gcc 1.1.0 33.56 OK
r-devel-windows-x86_64 1.1.0 3.00 37.00 40.00 OK
r-patched-linux-x86_64 1.1.0 2.46 19.68 22.14 OK
r-release-linux-x86_64 1.1.0 2.12 19.49 21.61 OK
r-release-macos-arm64 1.1.0 15.00 OK
r-release-macos-x86_64 1.1.0 26.00 OK
r-release-windows-x86_64 1.1.0 4.00 40.00 44.00 OK
r-oldrel-macos-arm64 1.1.0 19.00 OK
r-oldrel-macos-x86_64 1.1.0 26.00 OK
r-oldrel-windows-x86_64 1.1.0 3.00 37.00 40.00 OK

Check Details

Version: 1.1.0
Check: CRAN incoming feasibility
Result: NOTE Maintainer: ‘Rich Nielsen <rnielsen@mit.edu>’ No Authors@R field in DESCRIPTION. Please add one, modifying Authors@R: person(given = "Rich", family = "Nielsen", role = c("aut", "cre"), email = "rnielsen@mit.edu") as necessary. Flavors: r-devel-linux-x86_64-debian-clang, r-devel-linux-x86_64-debian-gcc