Last updated on 2025-07-18 03:50:54 CEST.
Flavor | Version | Tinstall | Tcheck | Ttotal | Status | Flags |
---|---|---|---|---|---|---|
r-devel-linux-x86_64-debian-clang | 0.1.1 | 9.22 | 101.89 | 111.11 | NOTE | |
r-devel-linux-x86_64-debian-gcc | 0.1.1 | 6.52 | 72.78 | 79.30 | NOTE | |
r-devel-linux-x86_64-fedora-clang | 0.1.1 | 174.68 | NOTE | |||
r-devel-linux-x86_64-fedora-gcc | 0.1.1 | 176.02 | NOTE | |||
r-devel-windows-x86_64 | 0.1.1 | 12.00 | 103.00 | 115.00 | NOTE | |
r-patched-linux-x86_64 | 0.1.1 | 9.15 | 96.18 | 105.33 | NOTE | |
r-release-linux-x86_64 | 0.1.1 | 7.60 | 94.75 | 102.35 | NOTE | |
r-release-macos-arm64 | 0.1.1 | 60.00 | NOTE | |||
r-release-macos-x86_64 | 0.1.1 | 132.00 | OK | |||
r-release-windows-x86_64 | 0.1.1 | 13.00 | 104.00 | 117.00 | NOTE | |
r-oldrel-macos-arm64 | 0.1.1 | 60.00 | OK | |||
r-oldrel-macos-x86_64 | 0.1.1 | 100.00 | OK | |||
r-oldrel-windows-x86_64 | 0.1.1 | 15.00 | 148.00 | 163.00 | OK |
Version: 0.1.1
Check: DESCRIPTION meta-information
Result: NOTE
Missing dependency on R >= 4.2.0 because package code uses the pipe
placeholder syntax added in R 4.2.0.
File(s) using such syntax:
‘cosinor-constructor.R’
Flavors: r-devel-linux-x86_64-debian-clang, r-devel-linux-x86_64-debian-gcc, r-devel-linux-x86_64-fedora-clang, r-devel-linux-x86_64-fedora-gcc, r-devel-windows-x86_64, r-patched-linux-x86_64, r-release-linux-x86_64, r-release-macos-arm64, r-release-windows-x86_64