Last updated on 2025-05-17 03:49:02 CEST.
Flavor | Version | Tinstall | Tcheck | Ttotal | Status | Flags |
---|---|---|---|---|---|---|
r-devel-linux-x86_64-debian-clang | 0.2.1 | 9.06 | 86.37 | 95.43 | OK | |
r-devel-linux-x86_64-debian-gcc | 0.2.1 | 6.17 | 60.15 | 66.32 | OK | |
r-devel-linux-x86_64-fedora-clang | 0.2.1 | 150.49 | NOTE | |||
r-devel-linux-x86_64-fedora-gcc | 0.2.1 | 154.54 | NOTE | |||
r-devel-windows-x86_64 | 0.2.1 | 13.00 | 98.00 | 111.00 | OK | |
r-patched-linux-x86_64 | 0.2.1 | 9.51 | 79.44 | 88.95 | OK | |
r-release-linux-x86_64 | 0.2.1 | 7.79 | 81.39 | 89.18 | OK | |
r-release-macos-arm64 | 0.2.1 | 53.00 | OK | |||
r-release-macos-x86_64 | 0.2.1 | 87.00 | OK | |||
r-release-windows-x86_64 | 0.2.1 | 12.00 | 101.00 | 113.00 | OK | |
r-oldrel-macos-arm64 | 0.2.1 | 50.00 | OK | |||
r-oldrel-macos-x86_64 | 0.2.1 | 82.00 | OK | |||
r-oldrel-windows-x86_64 | 0.2.1 | 15.00 | 137.00 | 152.00 | OK |
Version: 0.2.1
Check: dependencies in R code
Result: NOTE
Namespaces in Imports field not imported from:
‘sp’ ‘tibble’
All declared Imports should be used.
Flavors: r-devel-linux-x86_64-fedora-clang, r-devel-linux-x86_64-fedora-gcc