Last updated on 2025-05-03 03:51:53 CEST.
Flavor | Version | Tinstall | Tcheck | Ttotal | Status | Flags |
---|---|---|---|---|---|---|
r-devel-linux-x86_64-debian-clang | 1.1.2 | 3.14 | 33.20 | 36.34 | NOTE | |
r-devel-linux-x86_64-debian-gcc | 1.1.2 | 2.88 | 24.33 | 27.21 | NOTE | |
r-devel-linux-x86_64-fedora-clang | 1.1.2 | 58.43 | OK | |||
r-devel-linux-x86_64-fedora-gcc | 1.1.2 | 52.76 | OK | |||
r-devel-windows-x86_64 | 1.1.2 | 4.00 | 70.00 | 74.00 | OK | |
r-patched-linux-x86_64 | 1.1.2 | 3.64 | 31.23 | 34.87 | OK | |
r-release-linux-x86_64 | OK | |||||
r-release-macos-arm64 | 1.1.2 | 23.00 | OK | |||
r-release-macos-x86_64 | 1.1.2 | 39.00 | OK | |||
r-release-windows-x86_64 | 1.1.2 | 4.00 | 54.00 | 58.00 | OK | |
r-oldrel-macos-arm64 | 1.1.2 | 33.00 | OK | |||
r-oldrel-macos-x86_64 | 1.1.2 | 34.00 | OK | |||
r-oldrel-windows-x86_64 | 1.1.2 | 5.00 | 58.00 | 63.00 | OK |
Version: 1.1.2
Check: CRAN incoming feasibility
Result: NOTE
Maintainer: ‘Vincent Brault <vincent.brault@agroparistech.fr>’
No Authors@R field in DESCRIPTION.
Please add one, modifying
Authors@R: c(person(given = "Sylvain",
family = "Arlot",
role = "aut"),
person(given = "Vincent",
family = "Brault",
role = c("aut", "cre"),
email = "vincent.brault@agroparistech.fr"),
person(given = "Jean-Patrick",
family = "Baudry",
role = "aut"),
person(given = "Cathy",
family = "Maugis",
role = "aut"),
person(given = "Bertrand",
family = "Michel",
role = "aut"))
as necessary.
Flavors: r-devel-linux-x86_64-debian-clang, r-devel-linux-x86_64-debian-gcc