Last updated on 2025-11-15 03:50:04 CET.
| Flavor | Version | Tinstall | Tcheck | Ttotal | Status | Flags |
|---|---|---|---|---|---|---|
| r-devel-linux-x86_64-debian-clang | 0.1.0 | 6.36 | 94.52 | 100.88 | NOTE | |
| r-devel-linux-x86_64-debian-gcc | 0.1.0 | 4.90 | 68.83 | 73.73 | NOTE | |
| r-devel-linux-x86_64-fedora-clang | 0.1.0 | 12.00 | 139.79 | 151.79 | NOTE | |
| r-devel-linux-x86_64-fedora-gcc | 0.1.0 | 13.00 | 153.01 | 166.01 | NOTE | |
| r-devel-windows-x86_64 | 0.1.0 | 11.00 | 106.00 | 117.00 | NOTE | |
| r-patched-linux-x86_64 | 0.1.0 | 5.87 | 87.39 | 93.26 | NOTE | |
| r-release-linux-x86_64 | 0.1.0 | 5.31 | 88.59 | 93.90 | NOTE | |
| r-release-macos-arm64 | 0.1.0 | 3.00 | 48.00 | 51.00 | NOTE | |
| r-release-macos-x86_64 | 0.1.0 | 5.00 | 83.00 | 88.00 | NOTE | |
| r-release-windows-x86_64 | 0.1.0 | 9.00 | 104.00 | 113.00 | NOTE | |
| r-oldrel-macos-arm64 | 0.1.0 | 3.00 | 45.00 | 48.00 | NOTE | |
| r-oldrel-macos-x86_64 | 0.1.0 | 4.00 | 71.00 | 75.00 | NOTE | |
| r-oldrel-windows-x86_64 | 0.1.0 | 12.00 | 130.00 | 142.00 | NOTE |
Version: 0.1.0
Check: Rd files
Result: NOTE
checkRd: (-1) Recording.Rd:112: Lost braces; missing escapes or markup?
112 | Stop recording images with {camcorder}.
| ^
Flavors: r-devel-linux-x86_64-debian-clang, r-devel-linux-x86_64-debian-gcc, r-devel-linux-x86_64-fedora-clang, r-devel-linux-x86_64-fedora-gcc, r-devel-windows-x86_64, r-patched-linux-x86_64, r-release-linux-x86_64, r-release-macos-arm64, r-release-macos-x86_64, r-release-windows-x86_64, r-oldrel-macos-arm64, r-oldrel-macos-x86_64, r-oldrel-windows-x86_64