Last updated on 2025-05-02 03:51:04 CEST.
Flavor | Version | Tinstall | Tcheck | Ttotal | Status | Flags |
---|---|---|---|---|---|---|
r-devel-linux-x86_64-debian-clang | 0.1.0 | 1.60 | 22.84 | 24.44 | NOTE | |
r-devel-linux-x86_64-debian-gcc | 0.1.0 | 1.42 | 19.20 | 20.62 | NOTE | |
r-devel-linux-x86_64-fedora-clang | 0.1.0 | 39.41 | OK | |||
r-devel-linux-x86_64-fedora-gcc | 0.1.0 | 49.81 | OK | |||
r-devel-windows-x86_64 | 0.1.0 | 2.00 | 44.00 | 46.00 | OK | |
r-patched-linux-x86_64 | 0.1.0 | 1.70 | 21.15 | 22.85 | OK | |
r-release-linux-x86_64 | OK | |||||
r-release-macos-arm64 | 0.1.0 | 25.00 | OK | |||
r-release-macos-x86_64 | 0.1.0 | 41.00 | OK | |||
r-release-windows-x86_64 | 0.1.0 | 3.00 | 47.00 | 50.00 | OK | |
r-oldrel-macos-arm64 | 0.1.0 | 28.00 | NOTE | |||
r-oldrel-macos-x86_64 | 0.1.0 | 32.00 | NOTE | |||
r-oldrel-windows-x86_64 | 0.1.0 | 3.00 | 47.00 | 50.00 | NOTE |
Version: 0.1.0
Check: CRAN incoming feasibility
Result: NOTE
Maintainer: ‘Mitchell Lyons <mitchell.lyons@gmail.com>’
Found the following \keyword or \concept entries
which likely give several index terms:
File ‘calculate_clustering_metrics.Rd’:
\keyword{matrix,}
\keyword{metrics,}
Flavors: r-devel-linux-x86_64-debian-clang, r-devel-linux-x86_64-debian-gcc
Version: 0.1.0
Check: LazyData
Result: NOTE
'LazyData' is specified without a 'data' directory
Flavors: r-oldrel-macos-arm64, r-oldrel-macos-x86_64, r-oldrel-windows-x86_64