Last updated on 2025-05-02 03:51:04 CEST.
Flavor | Version | Tinstall | Tcheck | Ttotal | Status | Flags |
---|---|---|---|---|---|---|
r-devel-linux-x86_64-debian-clang | 0.1.2 | 3.19 | 166.02 | 169.21 | NOTE | |
r-devel-linux-x86_64-debian-gcc | 0.1.2 | 2.27 | 118.23 | 120.50 | OK | |
r-devel-linux-x86_64-fedora-clang | 0.1.2 | 259.72 | OK | |||
r-devel-linux-x86_64-fedora-gcc | 0.1.2 | 269.16 | OK | |||
r-devel-windows-x86_64 | 0.1.2 | 5.00 | 222.00 | 227.00 | OK | |
r-patched-linux-x86_64 | 0.1.2 | 3.89 | 154.54 | 158.43 | OK | |
r-release-linux-x86_64 | OK | |||||
r-release-macos-arm64 | 0.1.2 | 110.00 | OK | |||
r-release-macos-x86_64 | 0.1.2 | 196.00 | OK | |||
r-release-windows-x86_64 | 0.1.2 | 5.00 | 219.00 | 224.00 | OK | |
r-oldrel-macos-arm64 | 0.1.2 | 250.00 | OK | |||
r-oldrel-macos-x86_64 | 0.1.2 | 299.00 | OK | |||
r-oldrel-windows-x86_64 | 0.1.2 | 5.00 | 247.00 | 252.00 | OK |
Version: 0.1.2
Check: examples
Result: NOTE
Examples with CPU (user + system) or elapsed time > 5s
user system elapsed
bundle_caret 3.961 0.228 5.822
Flavor: r-devel-linux-x86_64-debian-clang