Last updated on 2025-05-17 03:49:02 CEST.
Flavor | Version | Tinstall | Tcheck | Ttotal | Status | Flags |
---|---|---|---|---|---|---|
r-devel-linux-x86_64-debian-clang | 1.0.3 | 6.11 | 146.65 | 152.76 | NOTE | |
r-devel-linux-x86_64-debian-gcc | 1.0.3 | 4.08 | 100.07 | 104.15 | NOTE | |
r-devel-linux-x86_64-fedora-clang | 1.0.3 | 239.57 | OK | |||
r-devel-linux-x86_64-fedora-gcc | 1.0.3 | 246.97 | OK | |||
r-devel-windows-x86_64 | 1.0.3 | 9.00 | 135.00 | 144.00 | NOTE | |
r-patched-linux-x86_64 | 1.0.3 | 5.52 | 136.33 | 141.85 | NOTE | |
r-release-linux-x86_64 | 1.0.3 | 5.21 | 136.22 | 141.43 | NOTE | |
r-release-macos-arm64 | 1.0.3 | 96.00 | OK | |||
r-release-macos-x86_64 | 1.0.3 | 190.00 | OK | |||
r-release-windows-x86_64 | 1.0.3 | 7.00 | 131.00 | 138.00 | NOTE | |
r-oldrel-macos-arm64 | 1.0.3 | 66.00 | OK | |||
r-oldrel-macos-x86_64 | 1.0.3 | 95.00 | OK | |||
r-oldrel-windows-x86_64 | 1.0.3 | 11.00 | 202.00 | 213.00 | OK |
Version: 1.0.3
Check: Rd cross-references
Result: NOTE
Found the following Rd file(s) with Rd \link{} targets missing package
anchors:
brkpt.Rd: glm.nb
Please provide package anchors for all Rd \link{} targets not in the
package itself and the base packages.
Flavors: r-devel-linux-x86_64-debian-clang, r-devel-linux-x86_64-debian-gcc, r-devel-windows-x86_64, r-patched-linux-x86_64, r-release-linux-x86_64, r-release-windows-x86_64