Last updated on 2025-05-05 03:50:15 CEST.
Flavor | Version | Tinstall | Tcheck | Ttotal | Status | Flags |
---|---|---|---|---|---|---|
r-devel-linux-x86_64-debian-clang | 0.6.0 | 19.78 | 26.59 | 46.37 | NOTE | |
r-devel-linux-x86_64-debian-gcc | 0.6.0 | 14.10 | 21.35 | 35.45 | NOTE | |
r-devel-linux-x86_64-fedora-clang | 0.6.0 | 83.97 | OK | |||
r-devel-linux-x86_64-fedora-gcc | 0.6.0 | 83.08 | OK | |||
r-devel-windows-x86_64 | 0.6.0 | 23.00 | 72.00 | 95.00 | OK | |
r-patched-linux-x86_64 | 0.6.0 | 20.03 | 26.25 | 46.28 | OK | |
r-release-linux-x86_64 | 0.6.0 | 20.00 | 25.73 | 45.73 | OK | |
r-release-macos-arm64 | 0.6.0 | 24.00 | OK | |||
r-release-macos-x86_64 | 0.6.0 | 38.00 | OK | |||
r-release-windows-x86_64 | 0.6.0 | 24.00 | 73.00 | 97.00 | OK | |
r-oldrel-macos-arm64 | 0.6.0 | 27.00 | OK | |||
r-oldrel-macos-x86_64 | 0.6.0 | 32.00 | OK | |||
r-oldrel-windows-x86_64 | 0.6.0 | 23.00 | 79.00 | 102.00 | OK |
Version: 0.6.0
Check: CRAN incoming feasibility
Result: NOTE
Maintainer: ‘Matthew C. Edwards <matt.edwards@auckland.ac.nz>’
No Authors@R field in DESCRIPTION.
Please add one, modifying
Authors@R: c(person(given = c("Matthew", "C."),
family = "Edwards",
role = c("aut", "cre"),
email = "matt.edwards@auckland.ac.nz"),
person(given = "Renate",
family = "Meyer",
role = "aut"),
person(given = "Nelson",
family = "Christensen",
role = "aut"))
as necessary.
The Description field contains
and Computing (2018). <doi.org/10.1007/s11222-017-9796-9>.
Please write DOIs as <doi:prefix/suffix>.
Flavors: r-devel-linux-x86_64-debian-clang, r-devel-linux-x86_64-debian-gcc