Last updated on 2025-07-21 03:50:22 CEST.
Flavor | Version | Tinstall | Tcheck | Ttotal | Status | Flags |
---|---|---|---|---|---|---|
r-devel-linux-x86_64-debian-clang | 0.0.61 | 12.10 | 27.01 | 39.11 | NOTE | |
r-devel-linux-x86_64-debian-gcc | 0.0.61 | 9.72 | 21.69 | 31.41 | NOTE | |
r-devel-linux-x86_64-fedora-clang | 0.0.61 | 64.03 | OK | |||
r-devel-linux-x86_64-fedora-gcc | 0.0.61 | 62.88 | OK | |||
r-devel-windows-x86_64 | 0.0.61 | 18.00 | 64.00 | 82.00 | OK | |
r-patched-linux-x86_64 | 0.0.61 | 14.62 | 24.93 | 39.55 | OK | |
r-release-linux-x86_64 | 0.0.61 | 13.51 | 24.47 | 37.98 | OK | |
r-release-macos-arm64 | 0.0.61 | 24.00 | OK | |||
r-release-macos-x86_64 | 0.0.61 | 39.00 | OK | |||
r-release-windows-x86_64 | 0.0.61 | 16.00 | 66.00 | 82.00 | OK | |
r-oldrel-macos-arm64 | 0.0.61 | 29.00 | OK | |||
r-oldrel-macos-x86_64 | 0.0.61 | 33.00 | OK | |||
r-oldrel-windows-x86_64 | 0.0.61 | 16.00 | 82.00 | 98.00 | OK |
Version: 0.0.61
Check: CRAN incoming feasibility
Result: NOTE
Maintainer: ‘Marco Giuliano <mgiuliano.mail@gmail.com>’
No Authors@R field in DESCRIPTION.
Please add one, modifying
Authors@R: person(given = "Marco",
family = "Giuliano",
role = c("aut", "cre"),
email = "mgiuliano.mail@gmail.com")
as necessary.
Flavors: r-devel-linux-x86_64-debian-clang, r-devel-linux-x86_64-debian-gcc