Last updated on 2025-05-02 03:51:04 CEST.
Flavor | Version | Tinstall | Tcheck | Ttotal | Status | Flags |
---|---|---|---|---|---|---|
r-devel-linux-x86_64-debian-clang | 1.0.8 | 13.12 | 306.57 | 319.69 | NOTE | |
r-devel-linux-x86_64-debian-gcc | 1.0.8 | 8.97 | 204.82 | 213.79 | OK | |
r-devel-linux-x86_64-fedora-clang | 1.0.8 | 539.97 | OK | |||
r-devel-linux-x86_64-fedora-gcc | 1.0.8 | 511.23 | OK | |||
r-devel-windows-x86_64 | 1.0.8 | 16.00 | 444.00 | 460.00 | OK | |
r-patched-linux-x86_64 | 1.0.8 | 21.58 | 284.84 | 306.42 | OK | |
r-release-linux-x86_64 | OK | |||||
r-release-macos-arm64 | 1.0.8 | 142.00 | OK | |||
r-release-macos-x86_64 | 1.0.8 | 313.00 | OK | |||
r-release-windows-x86_64 | 1.0.8 | 21.00 | 449.00 | 470.00 | OK | |
r-oldrel-macos-arm64 | 1.0.8 | 137.00 | OK | |||
r-oldrel-macos-x86_64 | 1.0.8 | 265.00 | OK | |||
r-oldrel-windows-x86_64 | 1.0.8 | 21.00 | 571.00 | 592.00 | OK |
Version: 1.0.8
Check: examples
Result: NOTE
Examples with CPU (user + system) or elapsed time > 5s
user system elapsed
tidy.poLCA 4.535 0.008 5.775
glance.poLCA 3.772 0.054 5.251
Flavor: r-devel-linux-x86_64-debian-clang