Last updated on 2025-05-02 03:51:03 CEST.
Flavor | Version | Tinstall | Tcheck | Ttotal | Status | Flags |
---|---|---|---|---|---|---|
r-devel-linux-x86_64-debian-clang | 0.3-0 | 5.67 | 48.96 | 54.63 | NOTE | |
r-devel-linux-x86_64-debian-gcc | 0.3-0 | 4.35 | 37.41 | 41.76 | NOTE | |
r-devel-linux-x86_64-fedora-clang | 0.3-0 | 87.17 | OK | |||
r-devel-linux-x86_64-fedora-gcc | 0.3-0 | 80.79 | OK | |||
r-devel-windows-x86_64 | 0.3-0 | 7.00 | 70.00 | 77.00 | OK | |
r-patched-linux-x86_64 | 0.3-0 | 6.16 | 47.40 | 53.56 | OK | |
r-release-linux-x86_64 | OK | |||||
r-release-macos-arm64 | 0.3-0 | 31.00 | OK | |||
r-release-macos-x86_64 | 0.3-0 | 65.00 | OK | |||
r-release-windows-x86_64 | 0.3-0 | 7.00 | 71.00 | 78.00 | OK | |
r-oldrel-macos-arm64 | 0.3-0 | 27.00 | OK | |||
r-oldrel-macos-x86_64 | 0.3-0 | 45.00 | OK | |||
r-oldrel-windows-x86_64 | 0.3-0 | 8.00 | 70.00 | 78.00 | OK |
Version: 0.3-0
Check: CRAN incoming feasibility
Result: NOTE
Maintainer: ‘Benjamin Schlegel <kontakt@benjaminschlegel.ch>’
No Authors@R field in DESCRIPTION.
Please add one, modifying
Authors@R: c(person(given = "Benjamin",
family = "Schlegel",
role = c("aut", "cre"),
email = "kontakt@benjaminschlegel.ch"),
person(given = "Marco",
family = "Steenbergen",
role = "aut"))
as necessary.
Flavors: r-devel-linux-x86_64-debian-clang, r-devel-linux-x86_64-debian-gcc