Last updated on 2025-05-02 03:51:03 CEST.
Flavor | Version | Tinstall | Tcheck | Ttotal | Status | Flags |
---|---|---|---|---|---|---|
r-devel-linux-x86_64-debian-clang | 1.7.1 | 8.82 | 127.98 | 136.80 | NOTE | |
r-devel-linux-x86_64-debian-gcc | 1.7.1 | 6.16 | 82.81 | 88.97 | OK | |
r-devel-linux-x86_64-fedora-clang | 1.7.1 | 227.07 | OK | |||
r-devel-linux-x86_64-fedora-gcc | 1.7.1 | 210.76 | OK | |||
r-devel-windows-x86_64 | 1.7.1 | 10.00 | 128.00 | 138.00 | OK | |
r-patched-linux-x86_64 | 1.7.1 | 9.08 | 118.49 | 127.57 | OK | |
r-release-linux-x86_64 | OK | |||||
r-release-macos-arm64 | 1.7.1 | 52.00 | OK | |||
r-release-macos-x86_64 | 1.7.1 | 99.00 | OK | |||
r-release-windows-x86_64 | 1.7.1 | 10.00 | 134.00 | 144.00 | OK | |
r-oldrel-macos-arm64 | 1.7.1 | 54.00 | OK | |||
r-oldrel-macos-x86_64 | 1.7.1 | 89.00 | OK | |||
r-oldrel-windows-x86_64 | 1.7.1 | 13.00 | 172.00 | 185.00 | OK |
Version: 1.7.1
Check: examples
Result: NOTE
Examples with CPU (user + system) or elapsed time > 5s
user system elapsed
covEffectOR1 6.033 0.040 7.845
dicOR1 4.236 0.024 5.369
summary.bqrorOR1 4.096 0.040 5.374
ineffactorOR1 4.081 0.028 5.795
quantregOR1 4.068 0.000 5.634
logMargLikeOR1 3.956 0.007 5.024
Flavor: r-devel-linux-x86_64-debian-clang