CRAN Package Check Results for Package bmet

Last updated on 2025-05-02 03:51:03 CEST.

Flavor Version Tinstall Tcheck Ttotal Status Flags
r-devel-linux-x86_64-debian-clang 0.1.0 1.76 26.70 28.46 NOTE
r-devel-linux-x86_64-debian-gcc 0.1.0 1.37 19.89 21.26 OK
r-devel-linux-x86_64-fedora-clang 0.1.0 47.14 OK
r-devel-linux-x86_64-fedora-gcc 0.1.0 43.06 OK
r-devel-windows-x86_64 0.1.0 3.00 53.00 56.00 OK
r-patched-linux-x86_64 0.1.0 1.82 26.19 28.01 OK
r-release-linux-x86_64 OK
r-release-macos-arm64 0.1.0 23.00 OK
r-release-macos-x86_64 0.1.0 42.00 OK
r-release-windows-x86_64 0.1.0 3.00 51.00 54.00 OK
r-oldrel-macos-arm64 0.1.0 20.00 OK
r-oldrel-macos-x86_64 0.1.0 30.00 OK
r-oldrel-windows-x86_64 0.1.0 3.00 53.00 56.00 OK

Check Details

Version: 0.1.0
Check: examples
Result: NOTE Examples with CPU (user + system) or elapsed time > 5s user system elapsed bet 4.537 0.113 5.48 Flavor: r-devel-linux-x86_64-debian-clang