Last updated on 2025-05-02 03:51:03 CEST.
Flavor | Version | Tinstall | Tcheck | Ttotal | Status | Flags |
---|---|---|---|---|---|---|
r-devel-linux-x86_64-debian-clang | 0.1.2 | 1.94 | 26.92 | 28.86 | NOTE | |
r-devel-linux-x86_64-debian-gcc | 0.1.2 | 1.49 | 21.27 | 22.76 | NOTE | |
r-devel-linux-x86_64-fedora-clang | 0.1.2 | 48.35 | OK | |||
r-devel-linux-x86_64-fedora-gcc | 0.1.2 | 58.53 | OK | |||
r-devel-windows-x86_64 | 0.1.2 | 3.00 | 52.00 | 55.00 | OK | |
r-patched-linux-x86_64 | 0.1.2 | 2.07 | 25.90 | 27.97 | OK | |
r-release-linux-x86_64 | OK | |||||
r-release-macos-arm64 | 0.1.2 | 32.00 | OK | |||
r-release-macos-x86_64 | 0.1.2 | 70.00 | OK | |||
r-release-windows-x86_64 | 0.1.2 | 3.00 | 59.00 | 62.00 | OK | |
r-oldrel-macos-arm64 | 0.1.2 | 31.00 | OK | |||
r-oldrel-macos-x86_64 | 0.1.2 | 38.00 | OK | |||
r-oldrel-windows-x86_64 | 0.1.2 | 4.00 | 54.00 | 58.00 | OK |
Version: 0.1.2
Check: CRAN incoming feasibility
Result: NOTE
Maintainer: ‘Dr Rob Briers <r.briers@napier.ac.uk>’
No Authors@R field in DESCRIPTION.
Please add one, modifying
Authors@R: person(given = c("Dr", "Rob"),
family = "Briers",
role = c("aut", "cre"),
email = "r.briers@napier.ac.uk")
as necessary.
Package CITATION file contains call(s) to old-style citEntry(). Please
use bibentry() instead.
Flavors: r-devel-linux-x86_64-debian-clang, r-devel-linux-x86_64-debian-gcc